CRAN Package Check Results for Package FLSSS

Last updated on 2021-10-21 09:54:50 CEST.

Flavor Version Tinstall Tcheck Ttotal Status Flags
r-devel-linux-x86_64-debian-clang 8.6.6 310.18 54.92 365.10 NOTE
r-devel-linux-x86_64-debian-gcc 8.6.6 260.90 45.04 305.94 NOTE
r-devel-linux-x86_64-fedora-clang 8.6.6 602.33 NOTE
r-devel-linux-x86_64-fedora-gcc 8.6.6 550.51 NOTE
r-devel-windows-x86_64 8.6.6 390.00 87.00 477.00 NOTE
r-devel-windows-x86_64-gcc10-UCRT 8.6.6 NOTE
r-patched-linux-x86_64 8.6.6 300.40 54.89 355.29 NOTE
r-patched-solaris-x86 8.6.6 443.90 NOTE
r-release-linux-x86_64 8.6.6 300.58 53.82 354.40 NOTE
r-release-macos-arm64 8.6.6 NOTE
r-release-macos-x86_64 8.6.6 NOTE
r-release-windows-ix86+x86_64 8.6.6 568.00 142.00 710.00 NOTE
r-oldrel-macos-x86_64 8.6.6 NOTE
r-oldrel-windows-ix86+x86_64 8.6.6 780.00 116.00 896.00 NOTE

Check Details

Version: 8.6.6
Check: LazyData
Result: NOTE
     'LazyData' is specified without a 'data' directory
Flavors: r-devel-linux-x86_64-debian-clang, r-devel-linux-x86_64-debian-gcc, r-devel-linux-x86_64-fedora-clang, r-devel-linux-x86_64-fedora-gcc, r-devel-windows-x86_64, r-devel-windows-x86_64-gcc10-UCRT, r-patched-linux-x86_64, r-patched-solaris-x86, r-release-linux-x86_64, r-release-macos-arm64, r-release-macos-x86_64, r-release-windows-ix86+x86_64

Version: 8.6.6
Check: for GNU extensions in Makefiles
Result: NOTE
    GNU make is a SystemRequirements.
Flavors: r-devel-linux-x86_64-debian-clang, r-devel-linux-x86_64-debian-gcc, r-devel-linux-x86_64-fedora-clang, r-devel-linux-x86_64-fedora-gcc, r-devel-windows-x86_64, r-devel-windows-x86_64-gcc10-UCRT, r-patched-linux-x86_64, r-patched-solaris-x86, r-release-linux-x86_64, r-release-macos-arm64, r-release-macos-x86_64, r-release-windows-ix86+x86_64, r-oldrel-macos-x86_64, r-oldrel-windows-ix86+x86_64

Version: 8.6.6
Check: installed package size
Result: NOTE
     installed size is 25.1Mb
     sub-directories of 1Mb or more:
     libs 24.8Mb
Flavors: r-devel-linux-x86_64-fedora-clang, r-release-macos-arm64, r-release-macos-x86_64, r-release-windows-ix86+x86_64, r-oldrel-macos-x86_64, r-oldrel-windows-ix86+x86_64