Last updated on 2024-04-26 09:51:59 CEST.
Flavor | Version | Tinstall | Tcheck | Ttotal | Status | Flags |
---|---|---|---|---|---|---|
r-devel-linux-x86_64-debian-clang | 9.1.3 | 385.12 | 61.97 | 447.09 | NOTE | |
r-devel-linux-x86_64-debian-gcc | 9.1.3 | 342.90 | 47.74 | 390.64 | NOTE | |
r-devel-linux-x86_64-fedora-clang | 9.1.3 | 619.77 | NOTE | |||
r-devel-linux-x86_64-fedora-gcc | 9.1.3 | 734.90 | NOTE | |||
r-devel-windows-x86_64 | 9.1.3 | 313.00 | 98.00 | 411.00 | NOTE | |
r-patched-linux-x86_64 | 9.1.3 | 442.46 | 57.19 | 499.65 | NOTE | |
r-release-linux-x86_64 | 9.1.3 | 410.44 | 57.66 | 468.10 | NOTE | |
r-release-macos-arm64 | 9.1.3 | 125.00 | NOTE | |||
r-release-macos-x86_64 | 9.1.3 | 181.00 | NOTE | |||
r-release-windows-x86_64 | 9.1.3 | 304.00 | 99.00 | 403.00 | NOTE | |
r-oldrel-macos-arm64 | 9.1.3 | 159.00 | NOTE | |||
r-oldrel-macos-x86_64 | 9.1.3 | 180.00 | NOTE | |||
r-oldrel-windows-x86_64 | 9.1.3 | 299.00 | 154.00 | 453.00 | NOTE |
Version: 9.1.3
Check: for GNU extensions in Makefiles
Result: NOTE
GNU make is a SystemRequirements.
Flavors: r-devel-linux-x86_64-debian-clang, r-devel-linux-x86_64-debian-gcc, r-devel-linux-x86_64-fedora-clang, r-devel-linux-x86_64-fedora-gcc, r-devel-windows-x86_64, r-patched-linux-x86_64, r-release-linux-x86_64, r-release-macos-arm64, r-release-macos-x86_64, r-release-windows-x86_64, r-oldrel-macos-arm64, r-oldrel-macos-x86_64, r-oldrel-windows-x86_64
Version: 9.1.3
Check: installed package size
Result: NOTE
installed size is 26.0Mb
sub-directories of 1Mb or more:
libs 25.7Mb
Flavors: r-release-macos-arm64, r-release-macos-x86_64, r-oldrel-macos-arm64, r-oldrel-macos-x86_64