CRAN Package Check Results for Package FFD

Last updated on 2021-10-18 09:54:42 CEST.

Flavor Version Tinstall Tcheck Ttotal Status Flags
r-devel-linux-x86_64-debian-clang 1.0-8 11.71 81.67 93.38 OK
r-devel-linux-x86_64-debian-gcc 1.0-8 8.66 63.00 71.66 OK
r-devel-linux-x86_64-fedora-clang 1.0-8 129.12 NOTE
r-devel-linux-x86_64-fedora-gcc 1.0-8 116.85 NOTE
r-devel-windows-x86_64 1.0-8 17.00 111.00 128.00 OK
r-devel-windows-x86_64-gcc10-UCRT 1.0-8 OK
r-patched-linux-x86_64 1.0-8 12.11 81.71 93.82 OK
r-patched-solaris-x86 1.0-8 174.80 OK
r-release-linux-x86_64 1.0-8 12.27 81.13 93.40 OK
r-release-macos-arm64 1.0-8 OK
r-release-macos-x86_64 1.0-8 OK
r-release-windows-ix86+x86_64 1.0-8 17.00 163.00 180.00 OK
r-oldrel-macos-x86_64 1.0-8 OK
r-oldrel-windows-ix86+x86_64 1.0-8 24.00 140.00 164.00 OK

Check Details

Version: 1.0-8
Check: compiled code
Result: NOTE
    File ‘FFD/libs/FFD.so’:
     Found no calls to: ‘R_registerRoutines’, ‘R_useDynamicSymbols’
    
    It is good practice to register native routines and to disable symbol
    search.
    
    See ‘Writing portable packages’ in the ‘Writing R Extensions’ manual.
Flavors: r-devel-linux-x86_64-fedora-clang, r-devel-linux-x86_64-fedora-gcc