Last updated on 2024-04-23 10:54:02 CEST.
Flavor | Version | Tinstall | Tcheck | Ttotal | Status | Flags |
---|---|---|---|---|---|---|
r-devel-linux-x86_64-debian-clang | 1.0-12.3 | 10.07 | 111.94 | 122.01 | NOTE | |
r-devel-linux-x86_64-debian-gcc | 1.0-12.3 | 8.25 | 78.50 | 86.75 | NOTE | |
r-devel-linux-x86_64-fedora-clang | 1.0-12.3 | 145.34 | NOTE | |||
r-devel-linux-x86_64-fedora-gcc | 1.0-12.3 | 141.54 | NOTE | |||
r-prerel-macos-arm64 | 1.0-12.3 | 45.00 | OK | |||
r-prerel-windows-x86_64 | 1.0-12.3 | 12.00 | 93.00 | 105.00 | OK | |
r-patched-linux-x86_64 | 1.0-12.3 | 13.62 | 105.87 | 119.49 | NOTE | |
r-release-linux-x86_64 | 1.0-12.3 | 11.75 | 103.24 | 114.99 | NOTE | |
r-release-macos-arm64 | 1.0-12.3 | 51.00 | OK | |||
r-release-macos-x86_64 | 1.0-12.3 | 123.00 | OK | |||
r-release-windows-x86_64 | 1.0-12.3 | 17.00 | 115.00 | 132.00 | OK | |
r-oldrel-macos-arm64 | 1.0-12.3 | 49.00 | OK | |||
r-oldrel-windows-x86_64 | 1.0-12.3 | 16.00 | 114.00 | 130.00 | OK |
Version: 1.0-12.3
Check: for non-standard things in the check directory
Result: NOTE
Found the following files/directories:
‘vert.txt’
Flavors: r-devel-linux-x86_64-debian-clang, r-devel-linux-x86_64-debian-gcc, r-devel-linux-x86_64-fedora-clang, r-devel-linux-x86_64-fedora-gcc, r-patched-linux-x86_64, r-release-linux-x86_64
Version: 1.0-12.3
Check: compiled code
Result: NOTE
File ‘FD/libs/FD.so’:
Found no calls to: ‘R_registerRoutines’, ‘R_useDynamicSymbols’
It is good practice to register native routines and to disable symbol
search.
See ‘Writing portable packages’ in the ‘Writing R Extensions’ manual.
Flavors: r-devel-linux-x86_64-fedora-clang, r-devel-linux-x86_64-fedora-gcc