Last updated on 2024-04-17 08:57:30 CEST.
Flavor | Version | Tinstall | Tcheck | Ttotal | Status | Flags |
---|---|---|---|---|---|---|
r-devel-linux-x86_64-debian-clang | 1.3.4 | 16.85 | 200.26 | 217.11 | OK | |
r-devel-linux-x86_64-debian-gcc | 1.3.4 | 11.35 | 145.17 | 156.52 | OK | |
r-devel-linux-x86_64-fedora-clang | 1.3.4 | 263.31 | NOTE | |||
r-devel-linux-x86_64-fedora-gcc | 1.3.4 | 278.47 | OK | |||
r-prerel-macos-arm64 | 1.3.4 | 75.00 | NOTE | |||
r-prerel-windows-x86_64 | 1.3.4 | 15.00 | 180.00 | 195.00 | NOTE | |
r-patched-linux-x86_64 | 1.3.4 | 17.18 | 192.38 | 209.56 | OK | |
r-release-linux-x86_64 | 1.3.4 | 15.55 | 193.89 | 209.44 | OK | |
r-release-macos-arm64 | 1.3.4 | 95.00 | NOTE | |||
r-release-macos-x86_64 | 1.3.4 | 196.00 | NOTE | |||
r-release-windows-x86_64 | 1.3.4 | 20.00 | 233.00 | 253.00 | NOTE | |
r-oldrel-macos-arm64 | 1.3.4 | 85.00 | NOTE | |||
r-oldrel-windows-x86_64 | 1.3.4 | 21.00 | 243.00 | 264.00 | NOTE |
Version: 1.3.4
Check: installed package size
Result: NOTE
installed size is 6.9Mb
sub-directories of 1Mb or more:
data 2.3Mb
doc 3.9Mb
Flavors: r-devel-linux-x86_64-fedora-clang, r-prerel-macos-arm64, r-prerel-windows-x86_64, r-release-macos-arm64, r-release-macos-x86_64, r-release-windows-x86_64, r-oldrel-macos-arm64, r-oldrel-windows-x86_64