CRAN Package Check Results for Package FBFsearch

Last updated on 2021-10-21 09:54:50 CEST.

Flavor Version Tinstall Tcheck Ttotal Status Flags
r-devel-linux-x86_64-debian-clang 1.1 22.17 32.14 54.31 OK
r-devel-linux-x86_64-debian-gcc 1.1 20.31 26.08 46.39 OK
r-devel-linux-x86_64-fedora-clang 1.1 89.17 NOTE
r-devel-linux-x86_64-fedora-gcc 1.1 74.97 NOTE
r-devel-windows-x86_64 1.1 35.00 64.00 99.00 OK
r-devel-windows-x86_64-gcc10-UCRT 1.1 OK
r-patched-linux-x86_64 1.1 23.39 30.80 54.19 OK
r-patched-solaris-x86 1.1 98.80 OK
r-release-linux-x86_64 1.1 22.44 30.59 53.03 OK
r-release-macos-arm64 1.1 NOTE
r-release-macos-x86_64 1.1 NOTE
r-release-windows-ix86+x86_64 1.1 51.00 81.00 132.00 NOTE
r-oldrel-macos-x86_64 1.1 NOTE
r-oldrel-windows-ix86+x86_64 1.1 66.00 109.00 175.00 NOTE

Additional issues

clang-UBSAN

Check Details

Version: 1.1
Check: installed package size
Result: NOTE
     installed size is 5.4Mb
     sub-directories of 1Mb or more:
     data 3.5Mb
     libs 1.8Mb
Flavors: r-devel-linux-x86_64-fedora-clang, r-release-macos-arm64, r-release-macos-x86_64, r-release-windows-ix86+x86_64, r-oldrel-macos-x86_64, r-oldrel-windows-ix86+x86_64

Version: 1.1
Check: compiled code
Result: NOTE
    File ‘FBFsearch/libs/FBFsearch.so’:
     Found no calls to: ‘R_registerRoutines’, ‘R_useDynamicSymbols’
    
    It is good practice to register native routines and to disable symbol
    search.
    
    See ‘Writing portable packages’ in the ‘Writing R Extensions’ manual.
Flavors: r-devel-linux-x86_64-fedora-clang, r-devel-linux-x86_64-fedora-gcc