CRAN Package Check Results for Package Exact

Last updated on 2021-09-22 09:52:24 CEST.

Flavor Version Tinstall Tcheck Ttotal Status Flags
r-devel-linux-x86_64-debian-clang 3.0 5.39 40.86 46.25 NOTE
r-devel-linux-x86_64-debian-gcc 3.0 4.06 30.59 34.65 NOTE
r-devel-linux-x86_64-fedora-clang 3.0 67.86 NOTE
r-devel-linux-x86_64-fedora-gcc 3.0 56.12 NOTE
r-devel-windows-x86_64 3.0 6.00 41.00 47.00 NOTE
r-devel-windows-x86_64-gcc10-UCRT 3.0 ERROR
r-patched-linux-x86_64 3.0 4.90 38.60 43.50 NOTE
r-patched-solaris-x86 3.0 72.40 NOTE
r-release-linux-x86_64 3.0 5.22 38.52 43.74 NOTE
r-release-macos-arm64 3.0 NOTE
r-release-macos-x86_64 3.0 NOTE
r-release-windows-ix86+x86_64 3.0 9.00 53.00 62.00 NOTE
r-oldrel-macos-x86_64 3.0 NOTE
r-oldrel-windows-ix86+x86_64 3.0 6.00 41.00 47.00 NOTE

Check Details

Version: 3.0
Check: package dependencies
Result: NOTE
    Package suggested but not available for checking: 'ExactData'
Flavors: r-devel-linux-x86_64-debian-clang, r-devel-linux-x86_64-debian-gcc, r-devel-linux-x86_64-fedora-clang, r-devel-linux-x86_64-fedora-gcc, r-devel-windows-x86_64, r-devel-windows-x86_64-gcc10-UCRT, r-patched-linux-x86_64, r-patched-solaris-x86, r-release-linux-x86_64, r-release-macos-arm64, r-release-macos-x86_64, r-release-windows-ix86+x86_64, r-oldrel-macos-x86_64, r-oldrel-windows-ix86+x86_64

Version: 3.0
Check: PDF version of manual
Result: WARN
    LaTeX errors when creating PDF version.
    This typically indicates Rd problems.
Flavor: r-devel-windows-x86_64-gcc10-UCRT

Version: 3.0
Check: PDF version of manual without hyperrefs or index
Result: ERROR
    Re-running with no redirection of stdout/stderr.
Flavor: r-devel-windows-x86_64-gcc10-UCRT