CRAN Package Check Results for Package Evomorph

Last updated on 2021-09-19 09:50:12 CEST.

Flavor Version Tinstall Tcheck Ttotal Status Flags
r-devel-linux-x86_64-debian-clang 0.9 9.68 97.02 106.70 OK
r-devel-linux-x86_64-debian-gcc 0.9 8.28 73.70 81.98 OK
r-devel-linux-x86_64-fedora-clang 0.9 141.34 OK
r-devel-linux-x86_64-fedora-gcc 0.9 125.57 OK
r-devel-windows-x86_64 0.9 14.00 87.00 101.00 OK
r-devel-windows-x86_64-gcc10-UCRT 0.9 ERROR
r-patched-linux-x86_64 0.9 10.67 89.17 99.84 OK
r-patched-solaris-x86 0.9 175.20 OK
r-release-linux-x86_64 0.9 8.97 89.94 98.91 OK
r-release-macos-arm64 0.9 OK
r-release-macos-x86_64 0.9 OK
r-release-windows-ix86+x86_64 0.9 27.00 113.00 140.00 OK
r-oldrel-macos-x86_64 0.9 OK
r-oldrel-windows-ix86+x86_64 0.9 27.00 85.00 112.00 OK

Check Details

Version: 0.9
Check: whether package can be installed
Result: WARN
    Found the following significant warnings:
     WARNING: installation-time patches will not be applied, could not get the patches index
Flavor: r-devel-windows-x86_64-gcc10-UCRT

Version: 0.9
Check: PDF version of manual
Result: WARN
    LaTeX errors when creating PDF version.
    This typically indicates Rd problems.
Flavor: r-devel-windows-x86_64-gcc10-UCRT

Version: 0.9
Check: PDF version of manual without hyperrefs or index
Result: ERROR
    Re-running with no redirection of stdout/stderr.
Flavor: r-devel-windows-x86_64-gcc10-UCRT