Last updated on 2024-03-28 10:49:33 CET.
Flavor | Version | Tinstall | Tcheck | Ttotal | Status | Flags |
---|---|---|---|---|---|---|
r-devel-linux-x86_64-debian-clang | 3.0.2 | 22.11 | 55.24 | 77.35 | OK | |
r-devel-linux-x86_64-debian-gcc | 3.0.2 | 18.58 | 42.59 | 61.17 | OK | |
r-devel-linux-x86_64-fedora-clang | 3.0.2 | 111.91 | OK | |||
r-devel-linux-x86_64-fedora-gcc | 3.0.2 | 122.99 | OK | |||
r-devel-windows-x86_64 | 3.0.2 | 21.00 | 73.00 | 94.00 | NOTE | |
r-patched-linux-x86_64 | 3.0.2 | 24.80 | 53.84 | 78.64 | OK | |
r-release-linux-x86_64 | 3.0.2 | 21.20 | 50.47 | 71.67 | OK | |
r-release-macos-arm64 | 3.0.2 | 43.00 | OK | |||
r-release-macos-x86_64 | 3.0.2 | 63.00 | OK | |||
r-release-windows-x86_64 | 3.0.2 | 20.00 | 87.00 | 107.00 | NOTE | |
r-oldrel-macos-arm64 | 3.0.2 | 50.00 | OK | |||
r-oldrel-windows-x86_64 | 3.0.2 | 24.00 | 86.00 | 110.00 | NOTE |
Version: 3.0.2
Check: installed package size
Result: NOTE
installed size is 5.1Mb
sub-directories of 1Mb or more:
extdata 4.0Mb
Flavors: r-devel-windows-x86_64, r-release-windows-x86_64, r-oldrel-windows-x86_64