CRAN Package Check Results for Package EpiEstim

Last updated on 2021-09-22 09:52:23 CEST.

Flavor Version Tinstall Tcheck Ttotal Status Flags
r-devel-linux-x86_64-debian-clang 2.2-4 14.01 192.24 206.25 OK
r-devel-linux-x86_64-debian-gcc 2.2-4 9.76 138.96 148.72 OK
r-devel-linux-x86_64-fedora-clang 2.2-4 254.06 OK
r-devel-linux-x86_64-fedora-gcc 2.2-4 234.23 OK
r-devel-windows-x86_64 2.2-4 14.00 173.00 187.00 OK
r-devel-windows-x86_64-gcc10-UCRT 2.2-4 ERROR
r-patched-linux-x86_64 2.2-4 14.64 178.67 193.31 OK
r-patched-solaris-x86 2.2-4 312.60 OK
r-release-linux-x86_64 2.2-4 8.84 176.50 185.34 OK
r-release-macos-arm64 2.2-4 OK
r-release-macos-x86_64 2.2-4 OK
r-release-windows-ix86+x86_64 2.2-4 29.00 215.00 244.00 OK
r-oldrel-macos-x86_64 2.2-4 OK
r-oldrel-windows-ix86+x86_64 2.2-4 21.00 156.00 177.00 OK

Check Details

Version: 2.2-4
Check: package dependencies
Result: NOTE
    Package suggested but not available for checking: 'vdiffr'
Flavor: r-devel-windows-x86_64-gcc10-UCRT

Version: 2.2-4
Check: PDF version of manual
Result: WARN
    LaTeX errors when creating PDF version.
    This typically indicates Rd problems.
Flavor: r-devel-windows-x86_64-gcc10-UCRT

Version: 2.2-4
Check: PDF version of manual without hyperrefs or index
Result: ERROR
    Re-running with no redirection of stdout/stderr.
Flavor: r-devel-windows-x86_64-gcc10-UCRT