CRAN Package Check Results for Package EnvNicheR

Last updated on 2021-12-07 10:50:21 CET.

Flavor Version Tinstall Tcheck Ttotal Status Flags
r-devel-linux-x86_64-debian-clang 1.4 2.78 40.88 43.66 NOTE
r-devel-linux-x86_64-debian-gcc 1.4 2.56 32.03 34.59 NOTE
r-devel-linux-x86_64-fedora-clang 1.4 55.44 NOTE
r-devel-linux-x86_64-fedora-gcc 1.4 43.86 NOTE
r-devel-windows-x86_64-new-UL 1.4 8.00 68.00 76.00 OK
r-devel-windows-x86_64-new-TK 1.4 OK
r-devel-windows-x86_64-old 1.4 5.00 55.00 60.00 OK
r-patched-linux-x86_64 1.4 3.03 38.76 41.79 NOTE
r-release-linux-x86_64 1.4 2.58 38.58 41.16 NOTE
r-release-macos-arm64 1.4 OK
r-release-macos-x86_64 1.4 OK
r-release-windows-ix86+x86_64 1.4 6.00 50.00 56.00 OK
r-oldrel-macos-x86_64 1.4 OK
r-oldrel-windows-ix86+x86_64 1.4 6.00 50.00 56.00 OK

Check Details

Version: 1.4
Check: for non-standard things in the check directory
Result: NOTE
    Found the following files/directories:
     'Environmental variables.csv' 'Inf.txt' 'List of species.csv' 'Mean
     overlap among taxa.csv' 'Overlap among taxa.csv' 'Pointsize.dat'
     'Polar coordinates.csv'
Flavors: r-devel-linux-x86_64-debian-clang, r-devel-linux-x86_64-debian-gcc, r-devel-linux-x86_64-fedora-clang, r-devel-linux-x86_64-fedora-gcc, r-patched-linux-x86_64, r-release-linux-x86_64