Last updated on 2024-04-24 10:22:53 CEST.
Flavor | Version | Tinstall | Tcheck | Ttotal | Status | Flags |
---|---|---|---|---|---|---|
r-devel-linux-x86_64-debian-clang | 1.2.0 | 22.68 | 93.06 | 115.74 | NOTE | |
r-devel-linux-x86_64-debian-gcc | 1.2.0 | 11.37 | 65.79 | 77.16 | NOTE | |
r-devel-linux-x86_64-fedora-clang | 1.2.0 | 138.91 | NOTE | |||
r-devel-linux-x86_64-fedora-gcc | 1.2.0 | 133.83 | NOTE | |||
r-devel-windows-x86_64 | 1.2.0 | 16.00 | 79.00 | 95.00 | NOTE | |
r-patched-linux-x86_64 | 1.2.0 | 14.88 | 88.52 | 103.40 | NOTE | |
r-release-linux-x86_64 | 1.2.0 | 17.59 | 87.99 | 105.58 | NOTE | |
r-release-macos-arm64 | 1.2.0 | 37.00 | NOTE | |||
r-release-windows-x86_64 | 1.2.0 | 19.00 | 91.00 | 110.00 | NOTE | |
r-oldrel-macos-arm64 | 1.2.0 | 35.00 | NOTE | |||
r-oldrel-macos-x86_64 | 1.2.0 | 61.00 | NOTE | |||
r-oldrel-windows-x86_64 | 1.2.0 | 19.00 | 92.00 | 111.00 | NOTE |
Version: 1.2.0
Check: LazyData
Result: NOTE
'LazyData' is specified without a 'data' directory
Flavors: r-devel-linux-x86_64-debian-clang, r-devel-linux-x86_64-debian-gcc, r-devel-linux-x86_64-fedora-clang, r-devel-linux-x86_64-fedora-gcc, r-devel-windows-x86_64, r-patched-linux-x86_64, r-release-linux-x86_64, r-release-macos-arm64, r-release-windows-x86_64, r-oldrel-macos-arm64, r-oldrel-macos-x86_64, r-oldrel-windows-x86_64