Last updated on 2024-03-28 10:49:32 CET.
Flavor | Version | Tinstall | Tcheck | Ttotal | Status | Flags |
---|---|---|---|---|---|---|
r-devel-linux-x86_64-debian-clang | 1.9-1 | 8.21 | 62.13 | 70.34 | OK | |
r-devel-linux-x86_64-debian-gcc | 1.9-1 | 5.98 | 46.42 | 52.40 | OK | |
r-devel-linux-x86_64-fedora-clang | 1.9-1 | 86.11 | NOTE | |||
r-devel-linux-x86_64-fedora-gcc | 1.9-1 | 91.87 | OK | |||
r-devel-windows-x86_64 | 1.9-1 | 7.00 | 65.00 | 72.00 | OK | |
r-patched-linux-x86_64 | 1.9-1 | 8.91 | 57.94 | 66.85 | OK | |
r-release-linux-x86_64 | 1.9-1 | 7.86 | 61.65 | 69.51 | OK | |
r-release-macos-arm64 | 1.9-1 | 28.00 | OK | |||
r-release-macos-x86_64 | 1.9-1 | 51.00 | NOTE | |||
r-release-windows-x86_64 | 1.9-1 | 7.00 | 73.00 | 80.00 | OK | |
r-oldrel-macos-arm64 | 1.9-1 | 28.00 | OK | |||
r-oldrel-windows-x86_64 | 1.9-1 | 11.00 | 78.00 | 89.00 | OK |
Version: 1.9-1
Check: Rd cross-references
Result: NOTE
Undeclared packages ‘carData’, ‘faraway’ in Rd xrefs
Flavor: r-devel-linux-x86_64-fedora-clang
Version: 1.9-1
Check: Rd cross-references
Result: NOTE
Package unavailable to check Rd xrefs: ‘faraway’
Flavor: r-release-macos-x86_64