CRAN Package Check Results for Package ESTER

Last updated on 2021-07-25 09:50:17 CEST.

Flavor Version Tinstall Tcheck Ttotal Status Flags
r-devel-linux-x86_64-debian-clang 0.2.0 19.01 198.86 217.87 NOTE
r-devel-linux-x86_64-debian-gcc 0.2.0 14.73 145.31 160.04 NOTE
r-devel-linux-x86_64-fedora-clang 0.2.0 273.06 NOTE
r-devel-linux-x86_64-fedora-gcc 0.2.0 257.79 NOTE
r-devel-windows-x86_64 0.2.0 24.00 173.00 197.00 NOTE
r-devel-windows-x86_64-gcc10-UCRT 0.2.0 NOTE
r-patched-linux-x86_64 0.2.0 16.80 183.62 200.42 NOTE
r-patched-solaris-x86 0.2.0 351.60 NOTE
r-release-linux-x86_64 0.2.0 16.94 182.53 199.47 NOTE
r-release-macos-arm64 0.2.0 NOTE
r-release-macos-x86_64 0.2.0 NOTE
r-release-windows-ix86+x86_64 0.2.0 49.00 175.00 224.00 NOTE
r-oldrel-macos-x86_64 0.2.0 OK
r-oldrel-windows-ix86+x86_64 0.2.0 51.00 232.00 283.00 OK

Check Details

Version: 0.2.0
Check: LazyData
Result: NOTE
     'LazyData' is specified without a 'data' directory
Flavors: r-devel-linux-x86_64-debian-clang, r-devel-linux-x86_64-debian-gcc, r-devel-linux-x86_64-fedora-clang, r-devel-linux-x86_64-fedora-gcc, r-devel-windows-x86_64, r-devel-windows-x86_64-gcc10-UCRT, r-patched-linux-x86_64, r-patched-solaris-x86, r-release-linux-x86_64, r-release-macos-arm64, r-release-macos-x86_64, r-release-windows-ix86+x86_64