Last updated on 2024-04-19 10:57:23 CEST.
Flavor | Version | Tinstall | Tcheck | Ttotal | Status | Flags |
---|---|---|---|---|---|---|
r-devel-linux-x86_64-debian-clang | 0.1.4 | 13.39 | 122.44 | 135.83 | NOTE | |
r-devel-linux-x86_64-debian-gcc | 0.1.4 | NOTE | ||||
r-devel-linux-x86_64-fedora-clang | 0.1.4 | 171.31 | NOTE | |||
r-devel-linux-x86_64-fedora-gcc | 0.1.4 | 157.35 | NOTE | |||
r-prerel-macos-arm64 | 0.1.4 | 46.00 | OK | |||
r-prerel-windows-x86_64 | 0.1.4 | 14.00 | 98.00 | 112.00 | OK | |
r-patched-linux-x86_64 | 0.1.4 | 15.04 | 116.41 | 131.45 | NOTE | |
r-release-linux-x86_64 | 0.1.4 | 13.24 | 117.68 | 130.92 | OK | |
r-release-macos-arm64 | 0.1.4 | 52.00 | OK | |||
r-release-macos-x86_64 | 0.1.4 | 86.00 | OK | |||
r-release-windows-x86_64 | 0.1.4 | 17.00 | 124.00 | 141.00 | OK | |
r-oldrel-macos-arm64 | 0.1.4 | 47.00 | OK | |||
r-oldrel-windows-x86_64 | 0.1.4 | 19.00 | 120.00 | 139.00 | OK |
Version: 0.1.4
Check: Rd line widths
Result: NOTE
Rd file 'ema.powercurve.Rd':
\examples lines wider than 100 characters:
## Not run: ema.powercurve(NumbPart=80,NumbResp=200,COL.8="orange",COL.5="#FF5733",COL.3="#8E44AD")
These lines will be truncated in the PDF manual.
Flavors: r-devel-linux-x86_64-debian-clang, r-devel-linux-x86_64-debian-gcc, r-devel-linux-x86_64-fedora-clang, r-devel-linux-x86_64-fedora-gcc, r-patched-linux-x86_64