Last updated on 2024-03-28 10:49:32 CET.
Flavor | Version | Tinstall | Tcheck | Ttotal | Status | Flags |
---|---|---|---|---|---|---|
r-devel-linux-x86_64-debian-clang | 0.2.2 | 17.20 | 144.36 | 161.56 | OK | |
r-devel-linux-x86_64-debian-gcc | 0.2.2 | 14.43 | 108.00 | 122.43 | OK | |
r-devel-linux-x86_64-fedora-clang | 0.2.2 | 199.40 | OK | |||
r-devel-linux-x86_64-fedora-gcc | 0.2.2 | 204.67 | OK | |||
r-devel-windows-x86_64 | 0.2.2 | 18.00 | 113.00 | 131.00 | OK | |
r-patched-linux-x86_64 | 0.2.2 | 11.62 | 138.25 | 149.87 | OK | |
r-release-linux-x86_64 | 0.2.2 | 16.62 | 141.58 | 158.20 | OK | |
r-release-macos-arm64 | 0.2.2 | 13.00 | ERROR | |||
r-release-macos-x86_64 | 0.2.2 | 8.00 | ERROR | |||
r-release-windows-x86_64 | 0.2.2 | 21.00 | 139.00 | 160.00 | OK | |
r-oldrel-macos-arm64 | 0.2.2 | 11.00 | ERROR | |||
r-oldrel-windows-x86_64 | 0.2.2 | 24.00 | 139.00 | 163.00 | OK |
Version: 0.2.2
Check: package dependencies
Result: ERROR
Package required but not available: ‘opGMMassessment’
See section ‘The DESCRIPTION file’ in the ‘Writing R Extensions’
manual.
Flavors: r-release-macos-arm64, r-release-macos-x86_64, r-oldrel-macos-arm64