CRAN Package Check Results for Package DynComm

Last updated on 2021-10-26 10:04:24 CEST.

Flavor Version Tinstall Tcheck Ttotal Status Flags
r-devel-linux-x86_64-debian-clang 2020.1.6 38.67 54.69 93.36 OK
r-devel-linux-x86_64-debian-gcc 2020.1.6 34.99 42.08 77.07 OK
r-devel-linux-x86_64-fedora-clang 2020.1.6 141.94 OK
r-devel-linux-x86_64-fedora-gcc 2020.1.6 129.87 OK
r-devel-windows-x86_64 2020.1.6 49.00 90.00 139.00 OK
r-devel-windows-x86_64-gcc10-UCRT 2020.1.6 OK
r-patched-linux-x86_64 2020.1.6 42.32 52.71 95.03 OK
r-patched-solaris-x86 2020.1.6 134.40 OK
r-release-linux-x86_64 2020.1.6 41.31 52.92 94.23 OK
r-release-macos-arm64 2020.1.6 NOTE
r-release-macos-x86_64 2020.1.6 NOTE
r-release-windows-ix86+x86_64 2020.1.6 64.00 116.00 180.00 OK
r-oldrel-macos-x86_64 2020.1.6 NOTE
r-oldrel-windows-ix86+x86_64 2020.1.6 91.00 111.00 202.00 OK

Check Details

Version: 2020.1.6
Check: installed package size
Result: NOTE
     installed size is 7.4Mb
     sub-directories of 1Mb or more:
     libs 7.2Mb
Flavors: r-release-macos-arm64, r-release-macos-x86_64, r-oldrel-macos-x86_64