CRAN Package Check Results for Package DrInsight

Last updated on 2021-10-23 10:56:50 CEST.

Flavor Version Tinstall Tcheck Ttotal Status Flags
r-devel-linux-x86_64-debian-clang 0.1.2 7.34 97.91 105.25 OK
r-devel-linux-x86_64-debian-gcc 0.1.2 5.77 74.75 80.52 OK
r-devel-linux-x86_64-fedora-clang 0.1.2 143.90 OK
r-devel-linux-x86_64-fedora-gcc 0.1.2 133.36 OK
r-devel-windows-x86_64 0.1.2 17.00 128.00 145.00 OK
r-devel-windows-x86_64-gcc10-UCRT 0.1.2 OK
r-patched-linux-x86_64 0.1.2 7.52 93.58 101.10 OK
r-patched-solaris-x86 0.1.2 191.50 OK
r-release-linux-x86_64 0.1.2 6.47 94.26 100.73 OK
r-release-macos-arm64 0.1.2 ERROR
r-release-macos-x86_64 0.1.2 OK
r-release-windows-ix86+x86_64 0.1.2 20.00 130.00 150.00 OK
r-oldrel-macos-x86_64 0.1.2 OK
r-oldrel-windows-ix86+x86_64 0.1.2 25.00 125.00 150.00 OK

Check Details

Version: 0.1.2
Check: package dependencies
Result: ERROR
    Package required but not available: ‘qusage’
    
    See section ‘The DESCRIPTION file’ in the ‘Writing R Extensions’
    manual.
Flavor: r-release-macos-arm64