CRAN Package Check Results for Package DistributionOptimization

Last updated on 2021-08-04 09:54:47 CEST.

Flavor Version Tinstall Tcheck Ttotal Status Flags
r-devel-linux-x86_64-debian-clang 1.2.6 7.12 59.45 66.57 NOTE
r-devel-linux-x86_64-debian-gcc 1.2.6 4.91 45.01 49.92 NOTE
r-devel-linux-x86_64-fedora-clang 1.2.6 85.99 NOTE
r-devel-linux-x86_64-fedora-gcc 1.2.6 74.99 NOTE
r-devel-windows-x86_64 1.2.6 10.00 79.00 89.00 NOTE
r-devel-windows-x86_64-gcc10-UCRT 1.2.6 NOTE
r-patched-linux-x86_64 1.2.6 6.93 56.09 63.02 NOTE
r-patched-solaris-x86 1.2.6 106.60 NOTE
r-release-linux-x86_64 1.2.6 5.74 56.25 61.99 NOTE
r-release-macos-arm64 1.2.6 NOTE
r-release-macos-x86_64 1.2.6 NOTE
r-release-windows-ix86+x86_64 1.2.6 17.00 55.00 72.00 NOTE
r-oldrel-macos-x86_64 1.2.6 OK
r-oldrel-windows-ix86+x86_64 1.2.6 13.00 98.00 111.00 OK

Check Details

Version: 1.2.6
Check: LazyData
Result: NOTE
     'LazyData' is specified without a 'data' directory
Flavors: r-devel-linux-x86_64-debian-clang, r-devel-linux-x86_64-debian-gcc, r-devel-linux-x86_64-fedora-clang, r-devel-linux-x86_64-fedora-gcc, r-devel-windows-x86_64, r-devel-windows-x86_64-gcc10-UCRT, r-patched-linux-x86_64, r-patched-solaris-x86, r-release-linux-x86_64, r-release-macos-arm64, r-release-macos-x86_64, r-release-windows-ix86+x86_64