CRAN Package Check Results for Package DistributionFitR

Last updated on 2021-10-24 10:04:03 CEST.

Flavor Version Tinstall Tcheck Ttotal Status Flags
r-devel-linux-x86_64-debian-clang 0.1 5.94 51.23 57.17 NOTE
r-devel-linux-x86_64-debian-gcc 0.1 4.15 40.20 44.35 NOTE
r-devel-linux-x86_64-fedora-clang 0.1 78.45 NOTE
r-devel-linux-x86_64-fedora-gcc 0.1 66.48 NOTE
r-devel-windows-x86_64 0.1 13.00 72.00 85.00 NOTE
r-devel-windows-x86_64-gcc10-UCRT 0.1 NOTE
r-patched-linux-x86_64 0.1 5.43 40.26 45.69 NOTE
r-patched-solaris-x86 0.1 117.10 NOTE
r-release-linux-x86_64 0.1 5.01 40.31 45.32 NOTE
r-release-macos-arm64 0.1 NOTE
r-release-macos-x86_64 0.1 NOTE
r-release-windows-ix86+x86_64 0.1 9.00 74.00 83.00 NOTE
r-oldrel-macos-x86_64 0.1 OK
r-oldrel-windows-ix86+x86_64 0.1 13.00 73.00 86.00 OK

Check Details

Version: 0.1
Check: LazyData
Result: NOTE
     'LazyData' is specified without a 'data' directory
Flavors: r-devel-linux-x86_64-debian-clang, r-devel-linux-x86_64-debian-gcc, r-devel-linux-x86_64-fedora-clang, r-devel-linux-x86_64-fedora-gcc, r-devel-windows-x86_64, r-devel-windows-x86_64-gcc10-UCRT, r-patched-linux-x86_64, r-patched-solaris-x86, r-release-linux-x86_64, r-release-macos-arm64, r-release-macos-x86_64, r-release-windows-ix86+x86_64