CRAN Package Check Results for Package DisimForMixed

Last updated on 2021-10-23 10:56:50 CEST.

Flavor Version Tinstall Tcheck Ttotal Status Flags
r-devel-linux-x86_64-debian-clang 0.2 1.97 25.41 27.38 NOTE
r-devel-linux-x86_64-debian-gcc 0.2 1.72 19.86 21.58 NOTE
r-devel-linux-x86_64-fedora-clang 0.2 43.66 NOTE
r-devel-linux-x86_64-fedora-gcc 0.2 33.20 NOTE
r-devel-windows-x86_64 0.2 4.00 48.00 52.00 NOTE
r-devel-windows-x86_64-gcc10-UCRT 0.2 NOTE
r-patched-linux-x86_64 0.2 2.08 24.94 27.02 NOTE
r-patched-solaris-x86 0.2 49.40 NOTE
r-release-linux-x86_64 0.2 2.06 24.52 26.58 NOTE
r-release-macos-arm64 0.2 NOTE
r-release-macos-x86_64 0.2 NOTE
r-release-windows-ix86+x86_64 0.2 3.00 43.00 46.00 NOTE
r-oldrel-macos-x86_64 0.2 OK
r-oldrel-windows-ix86+x86_64 0.2 5.00 42.00 47.00 OK

Check Details

Version: 0.2
Check: LazyData
Result: NOTE
     'LazyData' is specified without a 'data' directory
Flavors: r-devel-linux-x86_64-debian-clang, r-devel-linux-x86_64-debian-gcc, r-devel-linux-x86_64-fedora-clang, r-devel-linux-x86_64-fedora-gcc, r-devel-windows-x86_64, r-devel-windows-x86_64-gcc10-UCRT, r-patched-linux-x86_64, r-patched-solaris-x86, r-release-linux-x86_64, r-release-macos-arm64, r-release-macos-x86_64, r-release-windows-ix86+x86_64