Last updated on 2024-04-26 09:51:57 CEST.
Flavor | Version | Tinstall | Tcheck | Ttotal | Status | Flags |
---|---|---|---|---|---|---|
r-devel-linux-x86_64-debian-clang | 0.1.3 | 3.37 | 45.37 | 48.74 | NOTE | |
r-devel-linux-x86_64-debian-gcc | 0.1.3 | 3.13 | 33.98 | 37.11 | NOTE | |
r-devel-linux-x86_64-fedora-clang | 0.1.3 | 62.06 | NOTE | |||
r-devel-linux-x86_64-fedora-gcc | 0.1.3 | 70.48 | NOTE | |||
r-devel-windows-x86_64 | 0.1.3 | 5.00 | 56.00 | 61.00 | NOTE | |
r-patched-linux-x86_64 | 0.1.3 | 4.25 | 43.17 | 47.42 | NOTE | |
r-release-linux-x86_64 | 0.1.3 | 3.97 | 41.83 | 45.80 | OK | |
r-release-macos-arm64 | 0.1.3 | 29.00 | NOTE | |||
r-release-windows-x86_64 | 0.1.3 | 4.00 | 54.00 | 58.00 | NOTE | |
r-oldrel-macos-arm64 | 0.1.3 | 28.00 | OK | |||
r-oldrel-macos-x86_64 | 0.1.3 | 41.00 | OK | |||
r-oldrel-windows-x86_64 | 0.1.3 | 5.00 | 60.00 | 65.00 | OK |
Version: 0.1.3
Check: Rd files
Result: NOTE
checkRd: (-1) simulate_diff_tables.Rd:72: Lost braces; missing escapes or markup?
72 | {The Sharma-Song test} {\code{\link[DiffXTables]{sharma.song.test}}}
| ^
checkRd: (-1) simulate_diff_tables.Rd:74: Lost braces; missing escapes or markup?
74 | {The comparative chi-squared test} {\code{\link[DiffXTables]{cp.chisq.test}}}
| ^
checkRd: (-1) simulate_diff_tables.Rd:76: Lost braces; missing escapes or markup?
76 | {The heterogeneity test} {\code{\link[DiffXTables]{heterogeneity.test}}}
| ^
Flavors: r-devel-linux-x86_64-debian-clang, r-devel-linux-x86_64-debian-gcc, r-devel-linux-x86_64-fedora-clang, r-devel-linux-x86_64-fedora-gcc, r-devel-windows-x86_64, r-patched-linux-x86_64, r-release-macos-arm64, r-release-windows-x86_64