CRAN Package Check Results for Package DataPackageR

Last updated on 2021-09-19 09:50:08 CEST.

Flavor Version Tinstall Tcheck Ttotal Status Flags
r-devel-linux-x86_64-debian-clang 0.15.8 7.69 180.54 188.23 OK
r-devel-linux-x86_64-debian-gcc 0.15.8 6.11 135.19 141.30 OK
r-devel-linux-x86_64-fedora-clang 0.15.8 243.15 OK
r-devel-linux-x86_64-fedora-gcc 0.15.8 219.65 OK
r-devel-windows-x86_64 0.15.8 9.00 213.00 222.00 OK
r-devel-windows-x86_64-gcc10-UCRT 0.15.8 ERROR
r-patched-linux-x86_64 0.15.8 9.14 175.08 184.22 OK
r-patched-solaris-x86 0.15.8 128.30 OK
r-release-linux-x86_64 0.15.8 8.65 173.23 181.88 OK
r-release-macos-arm64 0.15.8 OK
r-release-macos-x86_64 0.15.8 OK
r-release-windows-ix86+x86_64 0.15.8 19.00 261.00 280.00 OK
r-oldrel-macos-x86_64 0.15.8 OK
r-oldrel-windows-ix86+x86_64 0.15.8 18.00 259.00 277.00 OK

Check Details

Version: 0.15.8
Check: whether package can be installed
Result: WARN
    Found the following significant warnings:
     WARNING: installation-time patches will not be applied, could not get the patches index
Flavor: r-devel-windows-x86_64-gcc10-UCRT

Version: 0.15.8
Check: PDF version of manual
Result: WARN
    LaTeX errors when creating PDF version.
    This typically indicates Rd problems.
Flavor: r-devel-windows-x86_64-gcc10-UCRT

Version: 0.15.8
Check: PDF version of manual without hyperrefs or index
Result: ERROR
    Re-running with no redirection of stdout/stderr.
Flavor: r-devel-windows-x86_64-gcc10-UCRT