Last updated on 2025-10-29 09:53:49 CET.
| Flavor | Version | Tinstall | Tcheck | Ttotal | Status | Flags | 
|---|---|---|---|---|---|---|
| r-devel-linux-x86_64-debian-clang | 1.2.14 | 56.03 | 23.91 | 79.94 | NOTE | |
| r-devel-linux-x86_64-debian-gcc | 1.2.14 | 47.89 | 19.31 | 67.20 | NOTE | |
| r-devel-linux-x86_64-fedora-clang | 1.2.14 | 178.00 | -0.18 | 177.82 | NOTE | |
| r-devel-linux-x86_64-fedora-gcc | 1.2.14 | 141.00 | 22.07 | 163.07 | NOTE | |
| r-devel-windows-x86_64 | 1.2.14 | 71.00 | 63.00 | 134.00 | NOTE | |
| r-patched-linux-x86_64 | 1.2.14 | 65.67 | 22.79 | 88.46 | NOTE | |
| r-release-linux-x86_64 | 1.2.14 | 64.48 | 22.80 | 87.28 | NOTE | |
| r-release-macos-arm64 | 1.2.14 | 23.00 | 16.00 | 39.00 | NOTE | |
| r-release-macos-x86_64 | 1.2.14 | 32.00 | 41.00 | 73.00 | NOTE | |
| r-release-windows-x86_64 | 1.2.14 | 78.00 | 66.00 | 144.00 | NOTE | |
| r-oldrel-macos-arm64 | 1.2.14 | 23.00 | 15.00 | 38.00 | NOTE | |
| r-oldrel-macos-x86_64 | 1.2.14 | 29.00 | 33.00 | 62.00 | NOTE | |
| r-oldrel-windows-x86_64 | 1.2.14 | 81.00 | 83.00 | 164.00 | OK | 
Version: 1.2.14
Check: compiled code
Result: NOTE
  File ‘DataGraph/libs/DataGraph.so’:
    Found non-API call to R: ‘Rf_isFrame’
  
  Compiled code should not call non-API entry points in R.
  
  See ‘Writing portable packages’ in the ‘Writing R Extensions’ manual,
  and section ‘Moving into C API compliance’ for issues with the use of
  non-API entry points.
Flavors: r-devel-linux-x86_64-debian-clang, r-devel-linux-x86_64-debian-gcc, r-devel-linux-x86_64-fedora-clang, r-devel-linux-x86_64-fedora-gcc, r-patched-linux-x86_64, r-release-linux-x86_64, r-release-macos-arm64, r-release-macos-x86_64
Version: 1.2.14
Check: compiled code
Result: NOTE
  File 'DataGraph/libs/x64/DataGraph.dll':
    Found non-API call to R: 'Rf_isFrame'
  
  Compiled code should not call non-API entry points in R.
  
  See 'Writing portable packages' in the 'Writing R Extensions' manual,
  and section 'Moving into C API compliance' for issues with the use of
  non-API entry points.
Flavors: r-devel-windows-x86_64, r-release-windows-x86_64
Version: 1.2.14
Check: installed package size
Result: NOTE
    installed size is  7.3Mb
    sub-directories of 1Mb or more:
      libs   7.2Mb
Flavors: r-oldrel-macos-arm64, r-oldrel-macos-x86_64