CRAN Package Check Results for Package DataEntry

Last updated on 2021-09-19 09:50:08 CEST.

Flavor Version Tinstall Tcheck Ttotal Status Flags
r-devel-linux-x86_64-debian-clang 0.9-3 7.67 58.51 66.18 NOTE
r-devel-linux-x86_64-debian-gcc 0.9-3 6.33 47.00 53.33 NOTE
r-devel-linux-x86_64-fedora-clang 0.9-3 93.00 NOTE
r-devel-linux-x86_64-fedora-gcc 0.9-3 80.21 OK
r-devel-windows-x86_64 0.9-3 8.00 59.00 67.00 OK
r-devel-windows-x86_64-gcc10-UCRT 0.9-3 ERROR
r-patched-linux-x86_64 0.9-3 7.48 57.37 64.85 NOTE
r-patched-solaris-x86 0.9-3 137.00 OK
r-release-linux-x86_64 0.9-3 6.97 56.52 63.49 NOTE
r-release-macos-arm64 0.9-3 ERROR
r-release-macos-x86_64 0.9-3 OK
r-release-windows-ix86+x86_64 0.9-3 17.00 72.00 89.00 OK
r-oldrel-macos-x86_64 0.9-3 OK
r-oldrel-windows-ix86+x86_64 0.9-3 15.00 58.00 73.00 OK

Check Details

Version: 0.9-3
Check: R code for possible problems
Result: NOTE
    Found the following assignments to the global environment:
    File 'DataEntry/R/Export.R':
     assign(svalue(edObnm), d, envir = .GlobalEnv)
Flavors: r-devel-linux-x86_64-debian-clang, r-devel-linux-x86_64-debian-gcc, r-devel-linux-x86_64-fedora-clang, r-patched-linux-x86_64, r-release-linux-x86_64

Version: 0.9-3
Check: whether package can be installed
Result: WARN
    Found the following significant warnings:
     WARNING: installation-time patches will not be applied, could not get the patches index
Flavor: r-devel-windows-x86_64-gcc10-UCRT

Version: 0.9-3
Check: PDF version of manual
Result: WARN
    LaTeX errors when creating PDF version.
    This typically indicates Rd problems.
Flavor: r-devel-windows-x86_64-gcc10-UCRT

Version: 0.9-3
Check: PDF version of manual without hyperrefs or index
Result: ERROR
    Re-running with no redirection of stdout/stderr.
Flavor: r-devel-windows-x86_64-gcc10-UCRT

Version: 0.9-3
Check: package dependencies
Result: ERROR
    Packages required but not available: 'RGtk2', 'gWidgets2RGtk2'
    
    See section ‘The DESCRIPTION file’ in the ‘Writing R Extensions’
    manual.
Flavor: r-release-macos-arm64