CRAN Package Check Results for Package DataEditR

Last updated on 2021-10-16 09:54:14 CEST.

Flavor Version Tinstall Tcheck Ttotal Status Flags
r-devel-linux-x86_64-debian-clang 0.1.3 4.87 47.38 52.25 OK
r-devel-linux-x86_64-debian-gcc 0.1.3 4.09 36.80 40.89 OK
r-devel-linux-x86_64-fedora-clang 0.1.3 74.60 OK
r-devel-linux-x86_64-fedora-gcc 0.1.3 64.39 OK
r-devel-windows-x86_64 0.1.3 8.00 67.00 75.00 OK
r-devel-windows-x86_64-gcc10-UCRT 0.1.3 OK
r-patched-linux-x86_64 0.1.3 5.84 45.97 51.81 OK
r-patched-solaris-x86 0.1.3 81.70 OK
r-release-linux-x86_64 0.1.3 5.41 46.59 52.00 OK
r-release-macos-arm64 0.1.3 OK
r-release-macos-x86_64 0.1.3 OK
r-release-windows-ix86+x86_64 0.1.3 2.00 12.00 14.00 ERROR
r-oldrel-macos-x86_64 0.1.3 OK
r-oldrel-windows-ix86+x86_64 0.1.3 12.00 92.00 104.00 OK

Check Details

Version: 0.1.3
Check: whether package can be installed
Result: ERROR
    Installation failed.
Flavor: r-release-windows-ix86+x86_64