CRAN Package Check Results for Package DarkDiv

Last updated on 2021-10-25 09:55:17 CEST.

Flavor Version Tinstall Tcheck Ttotal Status Flags
r-devel-linux-x86_64-debian-clang 0.3.0 5.97 59.46 65.43 NOTE
r-devel-linux-x86_64-debian-gcc 0.3.0 5.86 46.89 52.75 NOTE
r-devel-linux-x86_64-fedora-clang 0.3.0 91.59 NOTE
r-devel-linux-x86_64-fedora-gcc 0.3.0 80.90 NOTE
r-devel-windows-x86_64 0.3.0 12.00 88.00 100.00 NOTE
r-devel-windows-x86_64-gcc10-UCRT 0.3.0 NOTE
r-patched-linux-x86_64 0.3.0 7.27 57.69 64.96 NOTE
r-patched-solaris-x86 0.3.0 121.80 NOTE
r-release-linux-x86_64 0.3.0 7.87 58.42 66.29 NOTE
r-release-macos-arm64 0.3.0 NOTE
r-release-macos-x86_64 0.3.0 NOTE
r-release-windows-ix86+x86_64 0.3.0 12.00 77.00 89.00 NOTE
r-oldrel-macos-x86_64 0.3.0 OK
r-oldrel-windows-ix86+x86_64 0.3.0 17.00 95.00 112.00 OK

Check Details

Version: 0.3.0
Check: LazyData
Result: NOTE
     'LazyData' is specified without a 'data' directory
Flavors: r-devel-linux-x86_64-debian-clang, r-devel-linux-x86_64-debian-gcc, r-devel-linux-x86_64-fedora-clang, r-devel-linux-x86_64-fedora-gcc, r-devel-windows-x86_64, r-devel-windows-x86_64-gcc10-UCRT, r-patched-linux-x86_64, r-patched-solaris-x86, r-release-linux-x86_64, r-release-macos-arm64, r-release-macos-x86_64, r-release-windows-ix86+x86_64