CRAN Package Check Results for Package DSWE

Last updated on 2021-10-21 09:54:49 CEST.

Flavor Version Tinstall Tcheck Ttotal Status Flags
r-devel-linux-x86_64-debian-clang 1.5.1 60.69 94.89 155.58 OK
r-devel-linux-x86_64-debian-gcc 1.5.1 47.05 74.97 122.02 OK
r-devel-linux-x86_64-fedora-clang 1.5.1 216.63 NOTE
r-devel-linux-x86_64-fedora-gcc 1.5.1 197.40 OK
r-devel-windows-x86_64 1.5.1 81.00 136.00 217.00 OK
r-devel-windows-x86_64-gcc10-UCRT 1.5.1 OK
r-patched-linux-x86_64 1.5.1 56.40 92.60 149.00 OK
r-patched-solaris-x86 1.5.1 241.10 OK
r-release-linux-x86_64 1.5.1 56.82 92.73 149.55 OK
r-release-macos-arm64 1.5.1 NOTE
r-release-macos-x86_64 1.5.1 NOTE
r-release-windows-ix86+x86_64 1.5.1 105.00 171.00 276.00 NOTE
r-oldrel-macos-x86_64 1.5.1 NOTE
r-oldrel-windows-ix86+x86_64 1.5.1 147.00 195.00 342.00 NOTE

Check Details

Version: 1.5.1
Check: installed package size
Result: NOTE
     installed size is 5.7Mb
     sub-directories of 1Mb or more:
     data 2.8Mb
     libs 2.7Mb
Flavors: r-devel-linux-x86_64-fedora-clang, r-release-macos-arm64, r-release-macos-x86_64, r-release-windows-ix86+x86_64, r-oldrel-macos-x86_64, r-oldrel-windows-ix86+x86_64