Last updated on 2024-04-18 10:49:46 CEST.
Flavor | Version | Tinstall | Tcheck | Ttotal | Status | Flags |
---|---|---|---|---|---|---|
r-devel-linux-x86_64-debian-clang | 1.8.2 | 103.80 | 150.72 | 254.52 | OK | |
r-devel-linux-x86_64-debian-gcc | 1.8.2 | 79.61 | 111.66 | 191.27 | OK | |
r-devel-linux-x86_64-fedora-clang | 1.8.2 | 328.65 | OK | |||
r-devel-linux-x86_64-fedora-gcc | 1.8.2 | 320.36 | OK | |||
r-prerel-macos-arm64 | 1.8.2 | 77.00 | NOTE | |||
r-prerel-macos-x86_64 | 1.8.2 | 172.00 | NOTE | |||
r-prerel-windows-x86_64 | 1.8.2 | 73.00 | 132.00 | 205.00 | OK | |
r-patched-linux-x86_64 | 1.8.2 | 102.88 | 143.05 | 245.93 | OK | |
r-release-linux-x86_64 | 1.8.2 | 99.93 | 146.12 | 246.05 | OK | |
r-release-macos-arm64 | 1.8.2 | 73.00 | NOTE | |||
r-release-macos-x86_64 | 1.8.2 | 170.00 | NOTE | |||
r-release-windows-x86_64 | 1.8.2 | 99.00 | 180.00 | 279.00 | OK | |
r-oldrel-macos-arm64 | 1.8.2 | 82.00 | NOTE | |||
r-oldrel-windows-x86_64 | 1.8.2 | 92.00 | 165.00 | 257.00 | OK |
Version: 1.8.2
Check: installed package size
Result: NOTE
installed size is 8.2Mb
sub-directories of 1Mb or more:
data 2.8Mb
libs 5.1Mb
Flavors: r-prerel-macos-arm64, r-prerel-macos-x86_64, r-release-macos-arm64, r-release-macos-x86_64, r-oldrel-macos-arm64