CRAN Package Check Results for Package DSAIDE

Last updated on 2021-07-28 09:54:45 CEST.

Flavor Version Tinstall Tcheck Ttotal Status Flags
r-devel-linux-x86_64-debian-clang 0.9.3 OK
r-devel-linux-x86_64-debian-gcc 0.9.3 8.26 116.18 124.44 OK
r-devel-linux-x86_64-fedora-clang 0.9.3 210.61 NOTE
r-devel-linux-x86_64-fedora-gcc 0.9.3 197.62 OK
r-devel-windows-x86_64 0.9.3 3.00 6.00 9.00 ERROR
r-devel-windows-x86_64-gcc10-UCRT 0.9.1 OK
r-patched-linux-x86_64 0.9.3 10.95 149.26 160.21 OK
r-patched-solaris-x86 0.9.3 232.10 NOTE
r-release-linux-x86_64 0.9.3 9.16 149.01 158.17 OK
r-release-macos-arm64 0.9.3 NOTE
r-release-macos-x86_64 0.9.3 NOTE
r-release-windows-ix86+x86_64 0.9.3 20.00 147.00 167.00 NOTE
r-oldrel-macos-x86_64 0.9.3 NOTE
r-oldrel-windows-ix86+x86_64 0.9.1 39.00 194.00 233.00 NOTE

Check Details

Version: 0.9.3
Check: installed package size
Result: NOTE
     installed size is 5.2Mb
     sub-directories of 1Mb or more:
     appinformation 4.1Mb
Flavors: r-devel-linux-x86_64-fedora-clang, r-patched-solaris-x86, r-release-macos-arm64, r-release-macos-x86_64, r-release-windows-ix86+x86_64, r-oldrel-macos-x86_64

Version: 0.9.3
Check: whether package can be installed
Result: ERROR
    Installation failed.
Flavor: r-devel-windows-x86_64

Version: 0.9.1
Check: installed package size
Result: NOTE
     installed size is 6.0Mb
     sub-directories of 1Mb or more:
     appinformation 4.0Mb
Flavor: r-oldrel-windows-ix86+x86_64