Last updated on 2024-04-23 10:54:01 CEST.
Flavor | Version | Tinstall | Tcheck | Ttotal | Status | Flags |
---|---|---|---|---|---|---|
r-devel-linux-x86_64-debian-clang | 0.0.4 | 9.01 | 268.38 | 277.39 | NOTE | |
r-devel-linux-x86_64-debian-gcc | 0.0.4 | 7.55 | 189.96 | 197.51 | NOTE | |
r-devel-linux-x86_64-fedora-clang | 0.0.4 | 326.15 | NOTE | |||
r-devel-linux-x86_64-fedora-gcc | 0.0.4 | 323.93 | NOTE | |||
r-prerel-macos-arm64 | 0.0.4 | 84.00 | NOTE | |||
r-prerel-windows-x86_64 | 0.0.4 | 9.00 | 178.00 | 187.00 | NOTE | |
r-patched-linux-x86_64 | 0.0.4 | 6.54 | 251.78 | 258.32 | NOTE | |
r-release-linux-x86_64 | 0.0.4 | 8.18 | 253.35 | 261.53 | NOTE | |
r-release-macos-arm64 | 0.0.4 | 91.00 | NOTE | |||
r-release-macos-x86_64 | 0.0.4 | 175.00 | NOTE | |||
r-release-windows-x86_64 | 0.0.4 | 11.00 | 235.00 | 246.00 | NOTE | |
r-oldrel-macos-arm64 | 0.0.4 | 83.00 | NOTE | |||
r-oldrel-windows-x86_64 | 0.0.4 | 11.00 | 237.00 | 248.00 | NOTE |
Version: 0.0.4
Check: LazyData
Result: NOTE
'LazyData' is specified without a 'data' directory
Flavors: r-devel-linux-x86_64-debian-clang, r-devel-linux-x86_64-debian-gcc, r-devel-linux-x86_64-fedora-clang, r-devel-linux-x86_64-fedora-gcc, r-prerel-macos-arm64, r-prerel-windows-x86_64, r-patched-linux-x86_64, r-release-linux-x86_64, r-release-macos-arm64, r-release-macos-x86_64, r-release-windows-x86_64, r-oldrel-macos-arm64, r-oldrel-windows-x86_64