CRAN Package Check Results for Package DOPE

Last updated on 2021-09-19 09:50:10 CEST.

Flavor Version Tinstall Tcheck Ttotal Status Flags
r-devel-linux-x86_64-debian-clang 2.1.0 10.27 99.87 110.14 OK
r-devel-linux-x86_64-debian-gcc 2.1.0 6.67 75.16 81.83 OK
r-devel-linux-x86_64-fedora-clang 2.1.0 135.91 NOTE
r-devel-linux-x86_64-fedora-gcc 2.1.0 126.71 NOTE
r-devel-windows-x86_64 2.1.0 10.00 103.00 113.00 OK
r-devel-windows-x86_64-gcc10-UCRT 2.1.0 ERROR
r-patched-linux-x86_64 2.1.0 10.35 101.83 112.18 OK
r-patched-solaris-x86 2.1.0 198.70 NOTE
r-release-linux-x86_64 2.1.0 9.89 102.22 112.11 OK
r-release-macos-arm64 2.1.0 NOTE
r-release-macos-x86_64 2.1.0 NOTE
r-release-windows-ix86+x86_64 2.1.0 23.00 130.00 153.00 OK
r-oldrel-macos-x86_64 2.1.0 NOTE
r-oldrel-windows-ix86+x86_64 2.1.0 23.00 137.00 160.00 OK

Check Details

Version: 2.1.0
Check: data for non-ASCII characters
Result: NOTE
     Note: found 100 marked UTF-8 strings
Flavors: r-devel-linux-x86_64-fedora-clang, r-devel-linux-x86_64-fedora-gcc, r-devel-windows-x86_64-gcc10-UCRT, r-patched-solaris-x86, r-release-macos-arm64, r-release-macos-x86_64, r-oldrel-macos-x86_64

Version: 2.1.0
Check: whether package can be installed
Result: WARN
    Found the following significant warnings:
     WARNING: installation-time patches will not be applied, could not get the patches index
Flavor: r-devel-windows-x86_64-gcc10-UCRT

Version: 2.1.0
Check: PDF version of manual
Result: WARN
    LaTeX errors when creating PDF version.
    This typically indicates Rd problems.
Flavor: r-devel-windows-x86_64-gcc10-UCRT

Version: 2.1.0
Check: PDF version of manual without hyperrefs or index
Result: ERROR
    Re-running with no redirection of stdout/stderr.
Flavor: r-devel-windows-x86_64-gcc10-UCRT