CRAN Package Check Results for Package DNLC

Last updated on 2021-09-19 09:50:10 CEST.

Flavor Version Tinstall Tcheck Ttotal Status Flags
r-devel-linux-x86_64-debian-clang 1.0.0 15.55 28.92 44.47 NOTE
r-devel-linux-x86_64-debian-gcc 1.0.0 11.08 22.89 33.97 NOTE
r-devel-linux-x86_64-fedora-clang 1.0.0 63.20 NOTE
r-devel-linux-x86_64-fedora-gcc 1.0.0 51.73 NOTE
r-devel-windows-x86_64 1.0.0 15.00 48.00 63.00 NOTE
r-devel-windows-x86_64-gcc10-UCRT 1.0.0 ERROR
r-patched-linux-x86_64 1.0.0 12.19 27.93 40.12 NOTE
r-patched-solaris-x86 1.0.0 80.60 NOTE
r-release-linux-x86_64 1.0.0 14.45 27.53 41.98 NOTE
r-release-macos-arm64 1.0.0 NOTE
r-release-macos-x86_64 1.0.0 NOTE
r-release-windows-ix86+x86_64 1.0.0 23.00 45.00 68.00 NOTE
r-oldrel-macos-x86_64 1.0.0 NOTE
r-oldrel-windows-ix86+x86_64 1.0.0 15.00 47.00 62.00 OK

Check Details

Version: 1.0.0
Check: LazyData
Result: NOTE
     'LazyData' is specified without a 'data' directory
Flavors: r-devel-linux-x86_64-debian-clang, r-devel-linux-x86_64-debian-gcc, r-devel-linux-x86_64-fedora-clang, r-devel-linux-x86_64-fedora-gcc, r-devel-windows-x86_64, r-patched-linux-x86_64, r-patched-solaris-x86, r-release-linux-x86_64, r-release-macos-arm64, r-release-macos-x86_64, r-release-windows-ix86+x86_64

Version: 1.0.0
Check: dependencies in R code
Result: NOTE
    Namespaces in Imports field not imported from:
     ‘GOstats’ ‘caTools’ ‘fdrtool’
     All declared Imports should be used.
Flavors: r-devel-linux-x86_64-fedora-clang, r-devel-linux-x86_64-fedora-gcc, r-patched-solaris-x86, r-release-macos-arm64, r-release-macos-x86_64, r-oldrel-macos-x86_64

Version: 1.0.0
Check: package dependencies
Result: ERROR
    Package required but not available: 'GOstats'
    
    See section 'The DESCRIPTION file' in the 'Writing R Extensions'
    manual.
Flavor: r-devel-windows-x86_64-gcc10-UCRT