CRAN Package Check Results for Package DNAtools

Last updated on 2021-10-20 09:55:06 CEST.

Flavor Version Tinstall Tcheck Ttotal Status Flags
r-devel-linux-x86_64-debian-clang 0.2-3 65.98 73.99 139.97 NOTE
r-devel-linux-x86_64-debian-gcc 0.2-3 50.04 55.68 105.72 NOTE
r-devel-linux-x86_64-fedora-clang 0.2-3 217.32 NOTE
r-devel-linux-x86_64-fedora-gcc 0.2-3 185.55 NOTE
r-devel-windows-x86_64 0.2-3 93.00 111.00 204.00 NOTE
r-devel-windows-x86_64-gcc10-UCRT 0.2-3 NOTE
r-patched-linux-x86_64 0.2-3 58.60 74.10 132.70 NOTE
r-patched-solaris-x86 0.2-3 195.10 NOTE
r-release-linux-x86_64 0.2-3 59.97 73.78 133.75 NOTE
r-release-macos-arm64 0.2-3 NOTE
r-release-macos-x86_64 0.2-3 NOTE
r-release-windows-ix86+x86_64 0.2-3 114.00 137.00 251.00 NOTE
r-oldrel-macos-x86_64 0.2-3 NOTE
r-oldrel-windows-ix86+x86_64 0.2-3 172.00 151.00 323.00 NOTE

Check Details

Version: 0.2-3
Check: for GNU extensions in Makefiles
Result: NOTE
    GNU make is a SystemRequirements.
Flavors: r-devel-linux-x86_64-debian-clang, r-devel-linux-x86_64-debian-gcc, r-devel-linux-x86_64-fedora-clang, r-devel-linux-x86_64-fedora-gcc, r-devel-windows-x86_64, r-devel-windows-x86_64-gcc10-UCRT, r-patched-linux-x86_64, r-patched-solaris-x86, r-release-linux-x86_64, r-release-macos-arm64, r-release-macos-x86_64, r-release-windows-ix86+x86_64, r-oldrel-macos-x86_64, r-oldrel-windows-ix86+x86_64