CRAN Package Check Results for Package DIFshiny

Last updated on 2021-10-26 10:04:23 CEST.

Flavor Version Tinstall Tcheck Ttotal Status Flags
r-devel-linux-x86_64-debian-clang 0.1.0 10.54 84.02 94.56 NOTE
r-devel-linux-x86_64-debian-gcc 0.1.0 9.58 65.60 75.18 NOTE
r-devel-linux-x86_64-fedora-clang 0.1.0 126.48 NOTE
r-devel-linux-x86_64-fedora-gcc 0.1.0 115.28 NOTE
r-devel-windows-x86_64 0.1.0 17.00 113.00 130.00 NOTE
r-devel-windows-x86_64-gcc10-UCRT 0.1.0 NOTE
r-patched-linux-x86_64 0.1.0 10.96 82.93 93.89 NOTE
r-patched-solaris-x86 0.1.0 172.30 NOTE
r-release-linux-x86_64 0.1.0 10.03 84.03 94.06 NOTE
r-release-macos-arm64 0.1.0 NOTE
r-release-macos-x86_64 0.1.0 NOTE
r-release-windows-ix86+x86_64 0.1.0 26.00 103.00 129.00 NOTE
r-oldrel-macos-x86_64 0.1.0 OK
r-oldrel-windows-ix86+x86_64 0.1.0 27.00 115.00 142.00 OK

Check Details

Version: 0.1.0
Check: LazyData
Result: NOTE
     'LazyData' is specified without a 'data' directory
Flavors: r-devel-linux-x86_64-debian-clang, r-devel-linux-x86_64-debian-gcc, r-devel-linux-x86_64-fedora-clang, r-devel-linux-x86_64-fedora-gcc, r-devel-windows-x86_64, r-devel-windows-x86_64-gcc10-UCRT, r-patched-linux-x86_64, r-patched-solaris-x86, r-release-linux-x86_64, r-release-macos-arm64, r-release-macos-x86_64, r-release-windows-ix86+x86_64