CRAN Package Check Results for Package DEoptimR

Last updated on 2021-10-22 09:53:01 CEST.

Flavor Version Tinstall Tcheck Ttotal Status Flags
r-devel-linux-x86_64-debian-clang 1.0-9 2.11 34.13 36.24 OK
r-devel-linux-x86_64-debian-gcc 1.0-9 1.58 25.22 26.80 OK
r-devel-linux-x86_64-fedora-clang 1.0-9 53.71 NOTE
r-devel-linux-x86_64-fedora-gcc 1.0-9 43.42 OK
r-devel-windows-x86_64 1.0-9 4.00 55.00 59.00 OK
r-devel-windows-x86_64-gcc10-UCRT 1.0-9 OK
r-patched-linux-x86_64 1.0-9 2.19 32.89 35.08 OK
r-patched-solaris-x86 1.0-9 64.60 OK
r-release-linux-x86_64 1.0-9 1.98 31.71 33.69 OK
r-release-macos-arm64 1.0-9 OK
r-release-macos-x86_64 1.0-9 OK
r-release-windows-ix86+x86_64 1.0-9 5.00 53.00 58.00 OK
r-oldrel-macos-x86_64 1.0-9 OK
r-oldrel-windows-ix86+x86_64 1.0-9 3.00 41.00 44.00 OK

Check Details

Version: 1.0-9
Check: Rd cross-references
Result: NOTE
    Undeclared package ‘DEoptim’ in Rd xrefs
Flavor: r-devel-linux-x86_64-fedora-clang