CRAN Package Check Results for Package DChaos

Last updated on 2021-10-22 09:53:01 CEST.

Flavor Version Tinstall Tcheck Ttotal Status Flags
r-devel-linux-x86_64-debian-clang 0.1-6 5.36 35.08 40.44 NOTE
r-devel-linux-x86_64-debian-gcc 0.1-6 3.55 27.30 30.85 NOTE
r-devel-linux-x86_64-fedora-clang 0.1-6 59.25 NOTE
r-devel-linux-x86_64-fedora-gcc 0.1-6 48.17 NOTE
r-devel-windows-x86_64 0.1-6 8.00 57.00 65.00 NOTE
r-devel-windows-x86_64-gcc10-UCRT 0.1-6 NOTE
r-patched-linux-x86_64 0.1-6 4.93 35.00 39.93 NOTE
r-patched-solaris-x86 0.1-6 69.70 NOTE
r-release-linux-x86_64 0.1-6 5.04 34.19 39.23 NOTE
r-release-macos-arm64 0.1-6 NOTE
r-release-macos-x86_64 0.1-6 NOTE
r-release-windows-ix86+x86_64 0.1-6 7.00 56.00 63.00 NOTE
r-oldrel-macos-x86_64 0.1-6 OK
r-oldrel-windows-ix86+x86_64 0.1-6 9.00 54.00 63.00 OK

Check Details

Version: 0.1-6
Check: LazyData
Result: NOTE
     'LazyData' is specified without a 'data' directory
Flavors: r-devel-linux-x86_64-debian-clang, r-devel-linux-x86_64-debian-gcc, r-devel-linux-x86_64-fedora-clang, r-devel-linux-x86_64-fedora-gcc, r-devel-windows-x86_64, r-devel-windows-x86_64-gcc10-UCRT, r-patched-linux-x86_64, r-patched-solaris-x86, r-release-linux-x86_64, r-release-macos-arm64, r-release-macos-x86_64, r-release-windows-ix86+x86_64