CRAN Package Check Results for Package DCCA

Last updated on 2021-10-23 10:56:49 CEST.

Flavor Version Tinstall Tcheck Ttotal Status Flags
r-devel-linux-x86_64-debian-clang 0.1.1 4.90 23.10 28.00 NOTE
r-devel-linux-x86_64-debian-gcc 0.1.1 4.78 18.08 22.86 NOTE
r-devel-linux-x86_64-fedora-clang 0.1.1 46.69 NOTE
r-devel-linux-x86_64-fedora-gcc 0.1.1 35.99 NOTE
r-devel-windows-x86_64 0.1.1 9.00 34.00 43.00 NOTE
r-devel-windows-x86_64-gcc10-UCRT 0.1.1 NOTE
r-patched-linux-x86_64 0.1.1 6.34 22.95 29.29 NOTE
r-patched-solaris-x86 0.1.1 57.00 NOTE
r-release-linux-x86_64 0.1.1 5.28 22.41 27.69 NOTE
r-release-macos-arm64 0.1.1 NOTE
r-release-macos-x86_64 0.1.1 NOTE
r-release-windows-ix86+x86_64 0.1.1 13.00 52.00 65.00 NOTE
r-oldrel-macos-x86_64 0.1.1 OK
r-oldrel-windows-ix86+x86_64 0.1.1 16.00 50.00 66.00 OK

Check Details

Version: 0.1.1
Check: LazyData
Result: NOTE
     'LazyData' is specified without a 'data' directory
Flavors: r-devel-linux-x86_64-debian-clang, r-devel-linux-x86_64-debian-gcc, r-devel-linux-x86_64-fedora-clang, r-devel-linux-x86_64-fedora-gcc, r-devel-windows-x86_64, r-devel-windows-x86_64-gcc10-UCRT, r-patched-linux-x86_64, r-patched-solaris-x86, r-release-linux-x86_64, r-release-macos-arm64, r-release-macos-x86_64, r-release-windows-ix86+x86_64