CRAN Package Check Results for Package CruzPlot

Last updated on 2021-10-26 10:04:23 CEST.

Flavor Version Tinstall Tcheck Ttotal Status Flags
r-devel-linux-x86_64-debian-clang 1.4.6 3.02 33.78 36.80 OK
r-devel-linux-x86_64-debian-gcc 1.4.6 2.46 26.32 28.78 OK
r-devel-linux-x86_64-fedora-clang 1.4.6 58.07 NOTE
r-devel-linux-x86_64-fedora-gcc 1.4.6 44.78 NOTE
r-devel-windows-x86_64 1.4.6 8.00 60.00 68.00 OK
r-devel-windows-x86_64-gcc10-UCRT 1.4.6 NOTE
r-patched-linux-x86_64 1.4.6 3.18 32.73 35.91 OK
r-patched-solaris-x86 1.4.6 72.90 NOTE
r-release-linux-x86_64 1.4.6 3.58 32.72 36.30 OK
r-release-macos-arm64 1.4.6 NOTE
r-release-macos-x86_64 1.4.6 NOTE
r-release-windows-ix86+x86_64 1.4.6 9.00 46.00 55.00 OK
r-oldrel-macos-x86_64 1.4.6 NOTE
r-oldrel-windows-ix86+x86_64 1.4.6 11.00 61.00 72.00 OK

Check Details

Version: 1.4.6
Check: dependencies in R code
Result: NOTE
    Namespaces in Imports field not imported from:
     ‘DT’ ‘dplyr’ ‘geosphere’ ‘mapdata’ ‘maps’ ‘marmap’ ‘shinydashboard’
     ‘shinyjs’ ‘stringr’ ‘swfscDAS’
     All declared Imports should be used.
Flavors: r-devel-linux-x86_64-fedora-clang, r-devel-linux-x86_64-fedora-gcc, r-devel-windows-x86_64-gcc10-UCRT, r-patched-solaris-x86, r-release-macos-arm64, r-release-macos-x86_64, r-oldrel-macos-x86_64