Last updated on 2024-05-09 10:49:45 CEST.
Flavor | Version | Tinstall | Tcheck | Ttotal | Status | Flags |
---|---|---|---|---|---|---|
r-devel-linux-x86_64-debian-clang | 2.0.2 | 5.67 | 78.01 | 83.68 | NOTE | |
r-devel-linux-x86_64-debian-gcc | 2.0.2 | 3.77 | 59.53 | 63.30 | NOTE | |
r-devel-linux-x86_64-fedora-clang | 2.0.2 | 111.83 | NOTE | |||
r-devel-linux-x86_64-fedora-gcc | 2.0.2 | 114.97 | NOTE | |||
r-devel-windows-x86_64 | 2.0.2 | 5.00 | 86.00 | 91.00 | NOTE | |
r-patched-linux-x86_64 | 2.0.2 | 6.12 | 76.09 | 82.21 | NOTE | |
r-release-linux-x86_64 | 2.0.2 | 5.28 | 73.85 | 79.13 | NOTE | |
r-release-macos-arm64 | 2.0.2 | 46.00 | NOTE | |||
r-release-windows-x86_64 | 2.0.2 | 6.00 | 85.00 | 91.00 | NOTE | |
r-oldrel-macos-arm64 | 2.0.2 | 46.00 | OK | |||
r-oldrel-macos-x86_64 | 2.0.2 | 65.00 | OK | |||
r-oldrel-windows-x86_64 | 2.0.2 | 6.00 | 93.00 | 99.00 | OK |
Version: 2.0.2
Check: Rd files
Result: NOTE
checkRd: (-1) carstats.Rd:11: Lost braces in \itemize; meant \describe ?
checkRd: (-1) carstats.Rd:12: Lost braces in \itemize; meant \describe ?
checkRd: (-1) carstats.Rd:13: Lost braces in \itemize; meant \describe ?
checkRd: (-1) carstats.Rd:14: Lost braces in \itemize; meant \describe ?
checkRd: (-1) carstats.Rd:15: Lost braces in \itemize; meant \describe ?
checkRd: (-1) carstats.Rd:16: Lost braces in \itemize; meant \describe ?
checkRd: (-1) carstats.Rd:17: Lost braces in \itemize; meant \describe ?
checkRd: (-1) carstats.Rd:18: Lost braces in \itemize; meant \describe ?
checkRd: (-1) carstats.Rd:19: Lost braces in \itemize; meant \describe ?
checkRd: (-1) titanic.Rd:11: Lost braces in \itemize; meant \describe ?
checkRd: (-1) titanic.Rd:12: Lost braces in \itemize; meant \describe ?
checkRd: (-1) titanic.Rd:13: Lost braces in \itemize; meant \describe ?
checkRd: (-1) titanic.Rd:14: Lost braces in \itemize; meant \describe ?
Flavors: r-devel-linux-x86_64-debian-clang, r-devel-linux-x86_64-debian-gcc, r-devel-linux-x86_64-fedora-clang, r-devel-linux-x86_64-fedora-gcc, r-devel-windows-x86_64, r-patched-linux-x86_64, r-release-linux-x86_64, r-release-macos-arm64, r-release-windows-x86_64