Last updated on 2024-04-19 10:57:21 CEST.
Flavor | Version | Tinstall | Tcheck | Ttotal | Status | Flags |
---|---|---|---|---|---|---|
r-devel-linux-x86_64-debian-clang | 1.0.4 | 11.35 | 115.61 | 126.96 | NOTE | |
r-devel-linux-x86_64-debian-gcc | 1.0.4 | NOTE | ||||
r-devel-linux-x86_64-fedora-clang | 1.0.4 | 154.92 | NOTE | |||
r-devel-linux-x86_64-fedora-gcc | 1.0.4 | 164.18 | NOTE | |||
r-prerel-macos-arm64 | 1.0.4 | 52.00 | NOTE | |||
r-prerel-windows-x86_64 | 1.0.4 | 8.00 | 103.00 | 111.00 | NOTE | |
r-patched-linux-x86_64 | 1.0.4 | 9.98 | 112.02 | 122.00 | NOTE | |
r-release-linux-x86_64 | 1.0.4 | 11.08 | 112.96 | 124.04 | NOTE | |
r-release-macos-arm64 | 1.0.4 | 58.00 | NOTE | |||
r-release-macos-x86_64 | 1.0.4 | 89.00 | NOTE | |||
r-release-windows-x86_64 | 1.0.4 | 12.00 | 126.00 | 138.00 | NOTE | |
r-oldrel-macos-arm64 | 1.0.4 | 46.00 | NOTE | |||
r-oldrel-windows-x86_64 | 1.0.4 | 11.00 | 126.00 | 137.00 | NOTE |
Version: 1.0.4
Check: LazyData
Result: NOTE
'LazyData' is specified without a 'data' directory
Flavors: r-devel-linux-x86_64-debian-clang, r-devel-linux-x86_64-debian-gcc, r-devel-linux-x86_64-fedora-clang, r-devel-linux-x86_64-fedora-gcc, r-prerel-macos-arm64, r-prerel-windows-x86_64, r-patched-linux-x86_64, r-release-linux-x86_64, r-release-macos-arm64, r-release-macos-x86_64, r-release-windows-x86_64, r-oldrel-macos-arm64, r-oldrel-windows-x86_64