CRAN Package Check Results for Package ClusterStability

Last updated on 2021-10-27 10:09:41 CEST.

Flavor Version Tinstall Tcheck Ttotal Status Flags
r-devel-linux-x86_64-debian-clang 1.0.3 29.07 107.76 136.83 OK
r-devel-linux-x86_64-debian-gcc 1.0.3 22.63 81.11 103.74 OK
r-devel-linux-x86_64-fedora-clang 1.0.3 181.96 NOTE
r-devel-linux-x86_64-fedora-gcc 1.0.3 162.81 NOTE
r-devel-windows-x86_64 1.0.3 43.00 107.00 150.00 OK
r-devel-windows-x86_64-gcc10-UCRT 1.0.3 OK
r-patched-linux-x86_64 1.0.3 27.58 101.06 128.64 OK
r-patched-solaris-x86 1.0.3 224.10 OK
r-release-linux-x86_64 1.0.3 27.04 101.16 128.20 OK
r-release-macos-arm64 1.0.3 OK
r-release-macos-x86_64 1.0.3 OK
r-release-windows-ix86+x86_64 1.0.3 60.00 188.00 248.00 OK
r-oldrel-macos-x86_64 1.0.3 OK
r-oldrel-windows-ix86+x86_64 1.0.3 78.00 192.00 270.00 OK

Check Details

Version: 1.0.3
Check: compiled code
Result: NOTE
    File ‘ClusterStability/libs/ClusterStability.so’:
     Found no calls to: ‘R_registerRoutines’, ‘R_useDynamicSymbols’
    
    It is good practice to register native routines and to disable symbol
    search.
    
    See ‘Writing portable packages’ in the ‘Writing R Extensions’ manual.
Flavors: r-devel-linux-x86_64-fedora-clang, r-devel-linux-x86_64-fedora-gcc