Last updated on 2024-04-18 10:49:43 CEST.
Flavor | Version | Tinstall | Tcheck | Ttotal | Status | Flags |
---|---|---|---|---|---|---|
r-devel-linux-x86_64-debian-clang | 0.1.0 | 6.62 | 71.69 | 78.31 | OK | |
r-devel-linux-x86_64-debian-gcc | 0.1.0 | 4.63 | 54.70 | 59.33 | OK | |
r-devel-linux-x86_64-fedora-clang | 0.1.0 | 100.88 | NOTE | |||
r-devel-linux-x86_64-fedora-gcc | 0.1.0 | 105.61 | NOTE | |||
r-prerel-macos-arm64 | 0.1.0 | 37.00 | OK | |||
r-prerel-windows-x86_64 | 0.1.0 | 6.00 | 110.00 | 116.00 | OK | |
r-patched-linux-x86_64 | 0.1.0 | 6.59 | 67.77 | 74.36 | OK | |
r-release-linux-x86_64 | 0.1.0 | 6.12 | 69.16 | 75.28 | OK | |
r-release-macos-arm64 | 0.1.0 | 38.00 | OK | |||
r-release-macos-x86_64 | 0.1.0 | 57.00 | OK | |||
r-release-windows-x86_64 | 0.1.0 | 8.00 | 80.00 | 88.00 | OK | |
r-oldrel-macos-arm64 | 0.1.0 | 29.00 | NOTE | |||
r-oldrel-windows-x86_64 | 0.1.0 | 9.00 | 88.00 | 97.00 | OK |
Version: 0.1.0
Check: dependencies in R code
Result: NOTE
Namespace in Imports field not imported from: ‘utils’
All declared Imports should be used.
Flavors: r-devel-linux-x86_64-fedora-clang, r-devel-linux-x86_64-fedora-gcc, r-oldrel-macos-arm64