CRAN Package Check Results for Package Census2016

Last updated on 2021-10-19 09:54:07 CEST.

Flavor Version Tinstall Tcheck Ttotal Status Flags
r-devel-linux-x86_64-debian-clang 0.2.0 8.16 47.66 55.82 OK
r-devel-linux-x86_64-debian-gcc 0.2.0 7.41 35.84 43.25 OK
r-devel-linux-x86_64-fedora-clang 0.2.0 78.76 NOTE
r-devel-linux-x86_64-fedora-gcc 0.2.0 67.89 NOTE
r-devel-windows-x86_64 0.2.0 14.00 85.00 99.00 OK
r-devel-windows-x86_64-gcc10-UCRT 0.2.0 NOTE
r-patched-linux-x86_64 0.2.0 7.60 43.99 51.59 OK
r-patched-solaris-x86 0.2.0 90.20 NOTE
r-release-linux-x86_64 0.2.0 7.74 46.33 54.07 OK
r-release-macos-arm64 0.2.0 NOTE
r-release-macos-x86_64 0.2.0 NOTE
r-release-windows-ix86+x86_64 0.2.0 12.00 84.00 96.00 OK
r-oldrel-macos-x86_64 0.2.0 NOTE
r-oldrel-windows-ix86+x86_64 0.2.0 15.00 92.00 107.00 OK

Check Details

Version: 0.2.0
Check: dependencies in R code
Result: NOTE
    Namespace in Imports field not imported from: ‘data.table’
     All declared Imports should be used.
Flavors: r-devel-linux-x86_64-fedora-clang, r-devel-linux-x86_64-fedora-gcc, r-devel-windows-x86_64-gcc10-UCRT, r-patched-solaris-x86, r-release-macos-arm64, r-release-macos-x86_64, r-oldrel-macos-x86_64