CRAN Package Check Results for Package CausalImpact

Last updated on 2021-07-27 09:53:12 CEST.

Flavor Version Tinstall Tcheck Ttotal Status Flags
r-devel-linux-x86_64-debian-clang 1.2.7 6.80 123.32 130.12 OK
r-devel-linux-x86_64-debian-gcc 1.2.7 5.79 86.08 91.87 OK
r-devel-linux-x86_64-fedora-clang 1.2.7 157.26 OK
r-devel-linux-x86_64-fedora-gcc 1.2.7 156.78 OK
r-devel-windows-x86_64 1.2.7 13.00 148.00 161.00 OK
r-devel-windows-x86_64-gcc10-UCRT 1.2.7 OK
r-patched-linux-x86_64 1.2.7 6.41 117.16 123.57 OK
r-release-linux-x86_64 1.2.7 6.88 115.48 122.36 OK
r-release-macos-arm64 1.2.7 ERROR
r-release-macos-x86_64 1.2.7 OK
r-release-windows-ix86+x86_64 1.2.7 16.00 102.00 118.00 OK
r-oldrel-macos-x86_64 1.2.7 OK
r-oldrel-windows-ix86+x86_64 1.2.7 15.00 148.00 163.00 OK

Check Details

Version: 1.2.7
Check: tests
Result: ERROR
     Running ‘CausalImpact_import_test.R’ [2s/3s]
     Running ‘testthat.R’ [16s/20s]
    Running the tests in ‘tests/testthat.R’ failed.
    Last 13 lines of output:
     19. │ └─ggplot2::max_width(lapply(grobs, function(x) x$widths[2]))
     20. │ ├─base::unlist(lapply(grobs, width_cm))
     21. │ └─base::lapply(grobs, width_cm)
     22. │ └─ggplot2:::FUN(X[[i]], ...)
     23. │ └─grid::convertWidth(x, "cm", TRUE)
     24. │ └─grid::convertUnit(...)
     25. │ └─grid:::grid.Call(...)
     26. └─(function (x) ...
     27. ├─grid::widthDetails(x)
     28. └─grid:::widthDetails.text(x)
     29. └─grid:::grid.Call(...)
    
     [ FAIL 7 | WARN 19 | SKIP 0 | PASS 723 ]
     Error: Test failures
     Execution halted
Flavor: r-release-macos-arm64

Version: 1.2.7
Check: re-building of vignette outputs
Result: WARN
    Error(s) in re-building vignettes:
    --- re-building ‘CausalImpact.Rmd’ using rmarkdown
    Warning in engine$weave(file, quiet = quiet, encoding = enc) :
     Pandoc (>= 1.12.3) not available. Falling back to R Markdown v1.
    Loading required package: bsts
    Loading required package: BoomSpikeSlab
    Loading required package: Boom
    Loading required package: MASS
    
    Attaching package: 'Boom'
    
    The following object is masked from 'package:stats':
    
     rWishart
    
    
    Attaching package: 'BoomSpikeSlab'
    
    The following object is masked from 'package:stats':
    
     knots
    
    Loading required package: zoo
    
    Attaching package: 'zoo'
    
    The following objects are masked from 'package:base':
    
     as.Date, as.Date.numeric
    
    Loading required package: xts
    
    Attaching package: 'bsts'
    
    The following object is masked from 'package:BoomSpikeSlab':
    
     SuggestBurn
    
    Warning in doTryCatch(return(expr), name, parentenv, handler) :
     no font could be found for family "Arial"
    Warning in doTryCatch(return(expr), name, parentenv, handler) :
     no font could be found for family "Arial"
    Warning in doTryCatch(return(expr), name, parentenv, handler) :
     no font could be found for family "Arial"
    Warning in doTryCatch(return(expr), name, parentenv, handler) :
     no font could be found for family "Arial"
    Warning in doTryCatch(return(expr), name, parentenv, handler) :
     no font could be found for family "Arial"
    Warning in doTryCatch(return(expr), name, parentenv, handler) :
     no font could be found for family "Arial"
    Warning in doTryCatch(return(expr), name, parentenv, handler) :
     no font could be found for family "Arial"
    Warning in doTryCatch(return(expr), name, parentenv, handler) :
     no font could be found for family "Arial"
    Warning in doTryCatch(return(expr), name, parentenv, handler) :
     no font could be found for family "Arial"
    Warning in doTryCatch(return(expr), name, parentenv, handler) :
     no font could be found for family "Arial"
    Warning in doTryCatch(return(expr), name, parentenv, handler) :
     no font could be found for family "Arial"
    Warning in doTryCatch(return(expr), name, parentenv, handler) :
     no font could be found for family "Arial"
    Warning in doTryCatch(return(expr), name, parentenv, handler) :
     no font could be found for family "Arial"
    Warning in doTryCatch(return(expr), name, parentenv, handler) :
     no font could be found for family "Arial"
    Warning in doTryCatch(return(expr), name, parentenv, handler) :
     no font could be found for family "Arial"
    Warning in doTryCatch(return(expr), name, parentenv, handler) :
     no font could be found for family "Arial"
    Warning in doTryCatch(return(expr), name, parentenv, handler) :
     no font could be found for family "Arial"
    Warning in doTryCatch(return(expr), name, parentenv, handler) :
     no font could be found for family "Arial"
    Warning in doTryCatch(return(expr), name, parentenv, handler) :
     no font could be found for family "Arial"
    Warning in doTryCatch(return(expr), name, parentenv, handler) :
     no font could be found for family "Arial"
    Warning in doTryCatch(return(expr), name, parentenv, handler) :
     no font could be found for family "Arial"
    Warning in doTryCatch(return(expr), name, parentenv, handler) :
     no font could be found for family "Arial"
    Warning in doTryCatch(return(expr), name, parentenv, handler) :
     no font could be found for family "Arial"
    Warning in doTryCatch(return(expr), name, parentenv, handler) :
     no font could be found for family "Arial"
    Warning in doTryCatch(return(expr), name, parentenv, handler) :
     no font could be found for family "Arial"
    Warning in doTryCatch(return(expr), name, parentenv, handler) :
     no font could be found for family "Arial"
    Warning in doTryCatch(return(expr), name, parentenv, handler) :
     no font could be found for family "Arial"
    Warning in doTryCatch(return(expr), name, parentenv, handler) :
     no font could be found for family "Arial"
    Warning in doTryCatch(return(expr), name, parentenv, handler) :
     no font could be found for family "Arial"
    Warning in doTryCatch(return(expr), name, parentenv, handler) :
     no font could be found for family "Arial"
    Warning in doTryCatch(return(expr), name, parentenv, handler) :
     no font could be found for family "Arial"
    Warning in doTryCatch(return(expr), name, parentenv, handler) :
     no font could be found for family "Arial"
    Warning in doTryCatch(return(expr), name, parentenv, handler) :
     no font could be found for family "Arial"
    Warning in doTryCatch(return(expr), name, parentenv, handler) :
     no font could be found for family "Arial"
    Warning in doTryCatch(return(expr), name, parentenv, handler) :
     no font could be found for family "Arial"
    Quitting from lines 147-149 (CausalImpact.Rmd)
    Error: processing vignette 'CausalImpact.Rmd' failed with diagnostics:
    polygon edge not found
    --- failed re-building ‘CausalImpact.Rmd’
    
    SUMMARY: processing the following file failed:
     ‘CausalImpact.Rmd’
    
    Error: Vignette re-building failed.
    Execution halted
Flavor: r-release-macos-arm64