CRAN Package Check Results for Package Canopy

Last updated on 2021-10-24 10:04:00 CEST.

Flavor Version Tinstall Tcheck Ttotal Status Flags
r-devel-linux-x86_64-debian-clang 1.3.0 14.37 169.13 183.50 NOTE
r-devel-linux-x86_64-debian-gcc 1.3.0 10.78 123.61 134.39 NOTE
r-devel-linux-x86_64-fedora-clang 1.3.0 229.76 NOTE
r-devel-linux-x86_64-fedora-gcc 1.3.0 213.27 NOTE
r-devel-windows-x86_64 1.3.0 23.00 216.00 239.00 OK
r-devel-windows-x86_64-gcc10-UCRT 1.3.0 OK
r-patched-linux-x86_64 1.3.0 15.85 160.22 176.07 NOTE
r-patched-solaris-x86 1.3.0 312.70 NOTE
r-release-linux-x86_64 1.3.0 8.86 160.51 169.37 NOTE
r-release-macos-arm64 1.3.0 OK
r-release-macos-x86_64 1.3.0 OK
r-release-windows-ix86+x86_64 1.3.0 19.00 177.00 196.00 OK
r-oldrel-macos-x86_64 1.3.0 OK
r-oldrel-windows-ix86+x86_64 1.3.0 28.00 211.00 239.00 OK

Check Details

Version: 1.3.0
Check: for non-standard things in the check directory
Result: NOTE
    Found the following files/directories:
     'MDA231_tree.pdf'
Flavors: r-devel-linux-x86_64-debian-clang, r-devel-linux-x86_64-debian-gcc, r-devel-linux-x86_64-fedora-clang, r-devel-linux-x86_64-fedora-gcc, r-patched-linux-x86_64, r-patched-solaris-x86, r-release-linux-x86_64