CRAN Package Check Results for Package CalibrateSSB

Last updated on 2021-10-23 10:56:47 CEST.

Flavor Version Tinstall Tcheck Ttotal Status Flags
r-devel-linux-x86_64-debian-clang 1.3.0 9.23 100.92 110.15 NOTE
r-devel-linux-x86_64-debian-gcc 1.3.0 8.47 77.24 85.71 NOTE
r-devel-linux-x86_64-fedora-clang 1.3.0 151.24 NOTE
r-devel-linux-x86_64-fedora-gcc 1.3.0 131.27 NOTE
r-devel-windows-x86_64 1.3.0 15.00 135.00 150.00 NOTE
r-devel-windows-x86_64-gcc10-UCRT 1.3.0 NOTE
r-patched-linux-x86_64 1.3.0 10.15 98.59 108.74 NOTE
r-patched-solaris-x86 1.3.0 189.70 NOTE
r-release-linux-x86_64 1.3.0 9.15 98.32 107.47 NOTE
r-release-macos-arm64 1.3.0 NOTE
r-release-macos-x86_64 1.3.0 NOTE
r-release-windows-ix86+x86_64 1.3.0 16.00 107.00 123.00 NOTE
r-oldrel-macos-x86_64 1.3.0 NOTE
r-oldrel-windows-ix86+x86_64 1.3.0 22.00 136.00 158.00 NOTE

Check Details

Version: 1.3.0
Check: package dependencies
Result: NOTE
    Package suggested but not available for checking: 'ReGenesees'
Flavors: r-devel-linux-x86_64-debian-clang, r-devel-linux-x86_64-debian-gcc, r-devel-linux-x86_64-fedora-clang, r-devel-linux-x86_64-fedora-gcc, r-devel-windows-x86_64, r-devel-windows-x86_64-gcc10-UCRT, r-patched-linux-x86_64, r-patched-solaris-x86, r-release-linux-x86_64, r-release-macos-arm64, r-release-macos-x86_64, r-release-windows-ix86+x86_64, r-oldrel-macos-x86_64, r-oldrel-windows-ix86+x86_64