Last updated on 2024-03-29 11:53:50 CET.
Flavor | Version | Tinstall | Tcheck | Ttotal | Status | Flags |
---|---|---|---|---|---|---|
r-devel-linux-x86_64-debian-clang | 1.0-12 | 195.62 | 384.92 | 580.54 | NOTE | |
r-devel-linux-x86_64-debian-gcc | 1.0-12 | 154.90 | 272.73 | 427.63 | NOTE | |
r-devel-linux-x86_64-fedora-clang | 1.0-12 | 724.24 | NOTE | |||
r-devel-linux-x86_64-fedora-gcc | 1.0-12 | 727.96 | NOTE | |||
r-devel-windows-x86_64 | 1.0-12 | 147.00 | 341.00 | 488.00 | NOTE | |
r-patched-linux-x86_64 | 1.0-12 | 170.52 | 365.04 | 535.56 | NOTE | |
r-release-linux-x86_64 | 1.0-12 | 170.24 | 354.95 | 525.19 | NOTE | |
r-release-macos-arm64 | 1.0-12 | 178.00 | NOTE | |||
r-release-macos-x86_64 | 1.0-12 | 469.00 | NOTE | |||
r-release-windows-x86_64 | 1.0-12 | 189.00 | 438.00 | 627.00 | NOTE | |
r-oldrel-macos-arm64 | 1.0-12 | 159.00 | NOTE | |||
r-oldrel-windows-x86_64 | 1.0-12 | 177.00 | 370.00 | 547.00 | NOTE |
Version: 1.0-12
Check: package dependencies
Result: NOTE
Packages which this enhances but not available for checking:
'gurobi', 'rcbc'
Flavors: r-devel-linux-x86_64-debian-clang, r-devel-linux-x86_64-debian-gcc, r-patched-linux-x86_64, r-release-linux-x86_64
Version: 1.0-12
Check: package dependencies
Result: NOTE
Packages which this enhances but not available for checking:
'Rcplex', 'gurobi', 'rcbc'
Flavors: r-devel-linux-x86_64-fedora-clang, r-devel-linux-x86_64-fedora-gcc, r-devel-windows-x86_64, r-release-macos-arm64, r-release-macos-x86_64, r-release-windows-x86_64, r-oldrel-macos-arm64, r-oldrel-windows-x86_64
Version: 1.0-12
Check: installed package size
Result: NOTE
installed size is 5.7Mb
sub-directories of 1Mb or more:
R 2.7Mb
doc 1.2Mb
Flavors: r-devel-linux-x86_64-fedora-clang, r-devel-windows-x86_64, r-release-macos-arm64, r-release-macos-x86_64, r-release-windows-x86_64, r-oldrel-macos-arm64, r-oldrel-windows-x86_64