Last updated on 2024-04-25 07:59:48 CEST.
Flavor | Version | Tinstall | Tcheck | Ttotal | Status | Flags |
---|---|---|---|---|---|---|
r-devel-linux-x86_64-debian-clang | 0.3.3 | 5.12 | 57.61 | 62.73 | NOTE | |
r-devel-linux-x86_64-debian-gcc | 0.3.3 | 4.06 | 41.12 | 45.18 | NOTE | |
r-devel-linux-x86_64-fedora-clang | 0.3.3 | 74.00 | NOTE | |||
r-devel-linux-x86_64-fedora-gcc | 0.3.3 | 72.34 | NOTE | |||
r-devel-windows-x86_64 | 0.3.3 | 6.00 | 66.00 | 72.00 | NOTE | |
r-patched-linux-x86_64 | 0.3.3 | 5.94 | 52.65 | 58.59 | NOTE | |
r-release-linux-x86_64 | 0.3.3 | 5.52 | 54.13 | 59.65 | NOTE | |
r-release-macos-arm64 | 0.3.3 | 23.00 | NOTE | |||
r-release-windows-x86_64 | 0.3.3 | 6.00 | 66.00 | 72.00 | NOTE | |
r-oldrel-macos-arm64 | 0.3.3 | 22.00 | NOTE | |||
r-oldrel-macos-x86_64 | 0.3.3 | 39.00 | NOTE | |||
r-oldrel-windows-x86_64 | 0.3.3 | 10.00 | 76.00 | 86.00 | NOTE |
Version: 0.3.3
Check: LazyData
Result: NOTE
'LazyData' is specified without a 'data' directory
Flavors: r-devel-linux-x86_64-debian-clang, r-devel-linux-x86_64-debian-gcc, r-devel-linux-x86_64-fedora-clang, r-devel-linux-x86_64-fedora-gcc, r-devel-windows-x86_64, r-patched-linux-x86_64, r-release-linux-x86_64, r-release-macos-arm64, r-release-windows-x86_64, r-oldrel-macos-arm64, r-oldrel-macos-x86_64, r-oldrel-windows-x86_64