CRAN Package Check Results for Package CB2

Last updated on 2021-10-27 10:09:40 CEST.

Flavor Version Tinstall Tcheck Ttotal Status Flags
r-devel-linux-x86_64-debian-clang 1.3.4 38.51 86.01 124.52 OK
r-devel-linux-x86_64-debian-gcc 1.3.4 30.36 64.66 95.02 OK
r-devel-linux-x86_64-fedora-clang 1.3.4 175.23 NOTE
r-devel-linux-x86_64-fedora-gcc 1.3.4 158.06 OK
r-devel-windows-x86_64 1.3.4 56.00 140.00 196.00 OK
r-devel-windows-x86_64-gcc10-UCRT 1.3.4 OK
r-patched-linux-x86_64 1.3.4 40.03 84.90 124.93 OK
r-patched-solaris-x86 1.3.4 188.60 OK
r-release-linux-x86_64 1.3.4 37.07 84.20 121.27 OK
r-release-macos-arm64 1.3.4 NOTE
r-release-macos-x86_64 1.3.4 NOTE
r-release-windows-ix86+x86_64 1.3.4 77.00 164.00 241.00 NOTE
r-oldrel-macos-x86_64 1.3.4 NOTE
r-oldrel-windows-ix86+x86_64 1.3.4 102.00 188.00 290.00 NOTE

Check Details

Version: 1.3.4
Check: installed package size
Result: NOTE
     installed size is 5.8Mb
     sub-directories of 1Mb or more:
     data 1.6Mb
     extdata 1.1Mb
     libs 2.5Mb
Flavors: r-devel-linux-x86_64-fedora-clang, r-release-macos-arm64, r-release-macos-x86_64, r-release-windows-ix86+x86_64, r-oldrel-macos-x86_64, r-oldrel-windows-ix86+x86_64