Last updated on 2024-05-24 10:58:20 CEST.
Flavor | Version | Tinstall | Tcheck | Ttotal | Status | Flags |
---|---|---|---|---|---|---|
r-devel-linux-x86_64-debian-clang | 3.0 | 2.99 | 29.11 | 32.10 | OK | |
r-devel-linux-x86_64-debian-gcc | 3.0 | 2.53 | 21.76 | 24.29 | OK | |
r-devel-linux-x86_64-fedora-clang | 3.0 | 39.58 | NOTE | |||
r-devel-linux-x86_64-fedora-gcc | 3.0 | 38.68 | NOTE | |||
r-devel-windows-x86_64 | 3.0 | 4.00 | 44.00 | 48.00 | OK | |
r-patched-linux-x86_64 | 3.0 | 2.71 | 27.85 | 30.56 | OK | |
r-release-linux-x86_64 | 3.0 | 3.26 | 28.10 | 31.36 | OK | |
r-release-macos-arm64 | 3.0 | 17.00 | OK | |||
r-release-windows-x86_64 | 3.0 | 4.00 | 44.00 | 48.00 | OK | |
r-oldrel-macos-arm64 | 3.0 | 19.00 | OK | |||
r-oldrel-macos-x86_64 | 3.0 | 28.00 | OK | |||
r-oldrel-windows-x86_64 | 3.0 | 4.00 | 47.00 | 51.00 | OK |
Version: 3.0
Check: data for non-ASCII characters
Result: NOTE
Note: found 1 marked UTF-8 string
Flavors: r-devel-linux-x86_64-fedora-clang, r-devel-linux-x86_64-fedora-gcc