CRAN Package Check Results for Package Binarize

Last updated on 2021-11-28 09:49:01 CET.

Flavor Version Tinstall Tcheck Ttotal Status Flags
r-devel-linux-x86_64-debian-clang 1.3 OK
r-devel-linux-x86_64-debian-gcc 1.3 7.04 33.77 40.81 OK
r-devel-linux-x86_64-fedora-clang 1.3 76.33 NOTE
r-devel-linux-x86_64-fedora-gcc 1.3 65.70 OK
r-devel-windows-x86_64-new-UL 1.3 27.00 112.00 139.00 OK
r-devel-windows-x86_64-new-TK 1.3 OK
r-devel-windows-x86_64-old 1.3 18.00 75.00 93.00 OK
r-patched-linux-x86_64 1.3 9.52 41.99 51.51 OK
r-patched-solaris-x86 1.3 92.60 OK
r-release-linux-x86_64 1.3 9.33 41.48 50.81 OK
r-release-macos-arm64 1.3 OK
r-release-macos-x86_64 1.3 OK
r-release-windows-ix86+x86_64 1.3 25.00 86.00 111.00 OK
r-oldrel-macos-x86_64 1.3 OK
r-oldrel-windows-ix86+x86_64 1.3 19.00 63.00 82.00 OK

Check Details

Version: 1.3
Check: Rd cross-references
Result: NOTE
    Undeclared package ‘BoolNet’ in Rd xrefs
Flavor: r-devel-linux-x86_64-fedora-clang